CRAN Package Check Results for Package scquantum

Last updated on 2022-08-10 05:55:00 CEST.

Flavor Version Tinstall Tcheck Ttotal Status Flags
r-devel-linux-x86_64-debian-clang 1.0.0 3.02 24.06 27.08 OK
r-devel-linux-x86_64-debian-gcc 1.0.0 2.31 18.33 20.64 OK
r-devel-linux-x86_64-fedora-clang 1.0.0 42.93 NOTE
r-devel-linux-x86_64-fedora-gcc 1.0.0 43.95 NOTE
r-devel-windows-x86_64 1.0.0 17.00 50.00 67.00 OK
r-patched-linux-x86_64 1.0.0 3.09 23.49 26.58 OK
r-release-linux-x86_64 1.0.0 OK
r-release-macos-arm64 1.0.0 15.00 OK
r-release-macos-x86_64 1.0.0 23.00 OK
r-release-windows-x86_64 1.0.0 9.00 51.00 60.00 OK
r-oldrel-macos-arm64 1.0.0 18.00 OK
r-oldrel-macos-x86_64 1.0.0 21.00 OK
r-oldrel-windows-ix86+x86_64 1.0.0 9.00 52.00 61.00 OK

Check Details

Version: 1.0.0
Check: compiled code
Result: NOTE
    File ‘scquantum/libs/scquantum.so’:
     Found no calls to: ‘R_registerRoutines’, ‘R_useDynamicSymbols’
    
    It is good practice to register native routines and to disable symbol
    search.
    
    See ‘Writing portable packages’ in the ‘Writing R Extensions’ manual.
Flavors: r-devel-linux-x86_64-fedora-clang, r-devel-linux-x86_64-fedora-gcc