Last updated on 2021-01-18 05:47:38 CET.
Flavor | Version | Tinstall | Tcheck | Ttotal | Status | Flags |
---|---|---|---|---|---|---|
r-devel-linux-x86_64-debian-clang | 0.3.2 | 48.91 | 101.64 | 150.55 | NOTE | |
r-devel-linux-x86_64-debian-gcc | 0.3.2 | 32.69 | 75.93 | 108.62 | NOTE | |
r-devel-linux-x86_64-fedora-clang | 0.3.2 | 192.18 | NOTE | |||
r-devel-linux-x86_64-fedora-gcc | 0.3.2 | 176.32 | NOTE | |||
r-devel-windows-ix86+x86_64 | 0.3.2 | 81.00 | 151.00 | 232.00 | OK | |
r-patched-linux-x86_64 | 0.3.2 | 40.96 | 91.93 | 132.89 | NOTE | |
r-patched-solaris-x86 | 0.3.2 | 226.30 | NOTE | |||
r-release-linux-x86_64 | 0.3.2 | 44.15 | 92.27 | 136.42 | NOTE | |
r-release-macos-x86_64 | 0.3.2 | NOTE | ||||
r-release-windows-ix86+x86_64 | 0.3.2 | 84.00 | 147.00 | 231.00 | OK | |
r-oldrel-macos-x86_64 | 0.3.2 | NOTE | ||||
r-oldrel-windows-ix86+x86_64 | 0.3.2 | 97.00 | 155.00 | 252.00 | NOTE |
Version: 0.3.2
Check: package dependencies
Result: NOTE
Package which this enhances but not available for checking: 'glmGamPoi'
Flavors: r-devel-linux-x86_64-debian-clang, r-devel-linux-x86_64-debian-gcc, r-devel-linux-x86_64-fedora-clang, r-devel-linux-x86_64-fedora-gcc, r-patched-linux-x86_64, r-patched-solaris-x86, r-release-linux-x86_64, r-release-macos-x86_64, r-oldrel-macos-x86_64, r-oldrel-windows-ix86+x86_64