CRAN Package Check Results for Package sdcLog

Last updated on 2021-06-19 05:50:24 CEST.

Flavor Version Tinstall Tcheck Ttotal Status Flags
r-devel-linux-x86_64-debian-clang 0.2.0 4.81 69.31 74.12 OK
r-devel-linux-x86_64-debian-gcc 0.2.0 3.84 51.63 55.47 OK
r-devel-linux-x86_64-fedora-clang 0.2.0 97.43 NOTE
r-devel-linux-x86_64-fedora-gcc 0.2.0 84.60 NOTE
r-devel-windows-x86_64 0.2.0 9.00 87.00 96.00 OK
r-devel-windows-x86_64-gcc10-UCRT 0.2.0 NOTE
r-patched-linux-x86_64 0.2.0 5.29 63.41 68.70 OK
r-patched-solaris-x86 0.2.0 119.00 NOTE
r-release-linux-x86_64 0.2.0 4.36 64.04 68.40 OK
r-release-macos-arm64 0.2.0 NOTE
r-release-macos-x86_64 0.2.0 NOTE
r-release-windows-ix86+x86_64 0.2.0 14.00 92.00 106.00 OK
r-oldrel-macos-x86_64 0.2.0 NOTE
r-oldrel-windows-ix86+x86_64 0.2.0 11.00 79.00 90.00 OK

Check Details

Version: 0.2.0
Check: dependencies in R code
Result: NOTE
    Namespace in Imports field not imported from: ‘methods’
     All declared Imports should be used.
Flavors: r-devel-linux-x86_64-fedora-clang, r-devel-linux-x86_64-fedora-gcc, r-devel-windows-x86_64-gcc10-UCRT, r-patched-solaris-x86, r-release-macos-arm64, r-release-macos-x86_64, r-oldrel-macos-x86_64