CRAN Package Check Results for Package sdmApp

Last updated on 2021-10-23 06:13:23 CEST.

Flavor Version Tinstall Tcheck Ttotal Status Flags
r-devel-linux-x86_64-debian-clang 0.0.2 2.50 47.61 50.11 OK
r-devel-linux-x86_64-debian-gcc 0.0.2 2.33 36.35 38.68 OK
r-devel-linux-x86_64-fedora-clang 0.0.2 70.09 NOTE
r-devel-linux-x86_64-fedora-gcc 0.0.2 59.92 NOTE
r-devel-windows-x86_64 0.0.2 6.00 53.00 59.00 OK
r-devel-windows-x86_64-gcc10-UCRT 0.0.2 NOTE
r-patched-linux-x86_64 0.0.2 6.84 45.38 52.22 OK
r-patched-solaris-x86 0.0.2 87.70 NOTE
r-release-linux-x86_64 0.0.2 3.01 45.07 48.08 OK
r-release-macos-arm64 0.0.2 NOTE
r-release-macos-x86_64 0.0.2 NOTE
r-release-windows-ix86+x86_64 0.0.2 6.00 70.00 76.00 OK
r-oldrel-macos-x86_64 0.0.2 NOTE
r-oldrel-windows-ix86+x86_64 0.0.2 7.00 54.00 61.00 OK

Check Details

Version: 0.0.2
Check: dependencies in R code
Result: NOTE
    Namespace in Imports field not imported from: ‘sp’
     All declared Imports should be used.
Flavors: r-devel-linux-x86_64-fedora-clang, r-devel-linux-x86_64-fedora-gcc, r-devel-windows-x86_64-gcc10-UCRT, r-patched-solaris-x86, r-release-macos-arm64, r-release-macos-x86_64, r-oldrel-macos-x86_64

Version: 0.0.2
Check: installed package size
Result: NOTE
     installed size is 5.1Mb
     sub-directories of 1Mb or more:
     docs 1.9Mb
     extdata 2.1Mb
Flavor: r-patched-solaris-x86