CRAN Package Check Results for Package sdmApp

Last updated on 2021-06-18 05:49:00 CEST.

Flavor Version Tinstall Tcheck Ttotal Status Flags
r-devel-linux-x86_64-debian-clang 0.0.1 3.21 49.80 53.01 NOTE
r-devel-linux-x86_64-debian-gcc 0.0.1 2.98 37.30 40.28 NOTE
r-devel-linux-x86_64-fedora-clang 0.0.1 70.31 NOTE
r-devel-linux-x86_64-fedora-gcc 0.0.1 61.51 NOTE
r-devel-windows-x86_64 0.0.1 9.00 71.00 80.00 NOTE
r-devel-windows-x86_64-gcc10-UCRT 0.0.1 ERROR
r-patched-linux-x86_64 0.0.1 9.35 47.30 56.65 NOTE
r-patched-solaris-x86 0.0.1 91.80 NOTE
r-release-linux-x86_64 0.0.1 3.12 47.37 50.49 NOTE
r-release-macos-arm64 0.0.1 NOTE
r-release-macos-x86_64 0.0.1 NOTE
r-release-windows-ix86+x86_64 0.0.1 11.00 71.00 82.00 NOTE
r-oldrel-macos-x86_64 0.0.1 NOTE
r-oldrel-windows-ix86+x86_64 0.0.1 9.00 61.00 70.00 OK

Check Details

Version: 0.0.1
Check: LazyData
Result: NOTE
     'LazyData' is specified without a 'data' directory
Flavors: r-devel-linux-x86_64-debian-clang, r-devel-linux-x86_64-debian-gcc, r-devel-linux-x86_64-fedora-clang, r-devel-linux-x86_64-fedora-gcc, r-devel-windows-x86_64, r-patched-linux-x86_64, r-patched-solaris-x86, r-release-linux-x86_64, r-release-macos-arm64, r-release-macos-x86_64, r-release-windows-ix86+x86_64

Version: 0.0.1
Check: package dependencies
Result: NOTE
    Imports includes 24 non-default packages.
    Importing from so many packages makes the package vulnerable to any of
    them becoming unavailable. Move as many as possible to Suggests and
    use conditionally.
Flavor: r-devel-linux-x86_64-fedora-clang

Version: 0.0.1
Check: dependencies in R code
Result: NOTE
    Namespaces in Imports field not imported from:
     ‘CENFA’ ‘DT’ ‘SSDM’ ‘biomod2’ ‘blockCV’ ‘data.table’ ‘dismo’
     ‘ggcorrplot’ ‘haven’ ‘kernlab’ ‘rJava’ ‘randomForest’ ‘readxl’
     ‘rgeos’ ‘rhandsontable’ ‘shinyBS’ ‘shinyFiles’ ‘sp’ ‘tidyverse’
     All declared Imports should be used.
Flavors: r-devel-linux-x86_64-fedora-clang, r-devel-linux-x86_64-fedora-gcc, r-patched-solaris-x86, r-release-macos-arm64, r-release-macos-x86_64, r-oldrel-macos-x86_64

Version: 0.0.1
Check: package dependencies
Result: ERROR
    Packages required but not available: 'blockCV', 'sf'
    
    See section 'The DESCRIPTION file' in the 'Writing R Extensions'
    manual.
Flavor: r-devel-windows-x86_64-gcc10-UCRT

Version: 0.0.1
Check: installed package size
Result: NOTE
     installed size is 5.1Mb
     sub-directories of 1Mb or more:
     docs 1.9Mb
     extdata 2.1Mb
Flavor: r-patched-solaris-x86