CRAN Package Check Results for Package seagull

Last updated on 2022-01-29 05:52:28 CET.

Flavor Version Tinstall Tcheck Ttotal Status Flags
r-devel-linux-x86_64-debian-clang 1.1.0 171.10 70.88 241.98 OK
r-devel-linux-x86_64-debian-gcc 1.1.0 135.59 53.85 189.44 OK
r-devel-linux-x86_64-fedora-clang 1.1.0 357.58 NOTE
r-devel-linux-x86_64-fedora-gcc 1.1.0 315.19 OK
r-devel-windows-x86_64-new-UL 1.1.0 146.00 134.00 280.00 OK
r-devel-windows-x86_64-new-TK 1.1.0 OK
r-patched-linux-x86_64 1.1.0 145.17 64.08 209.25 OK
r-release-linux-x86_64 1.1.0 151.17 62.30 213.47 OK
r-release-macos-arm64 1.1.0 NOTE
r-release-macos-x86_64 1.1.0 NOTE
r-release-windows-ix86+x86_64 1.1.0 415.00 118.00 533.00 OK
r-oldrel-macos-x86_64 1.1.0 NOTE
r-oldrel-windows-ix86+x86_64 1.1.0 416.00 120.00 536.00 OK

Check Details

Version: 1.1.0
Check: installed package size
Result: NOTE
     installed size is 6.6Mb
     sub-directories of 1Mb or more:
     libs 5.9Mb
Flavors: r-devel-linux-x86_64-fedora-clang, r-release-macos-arm64, r-release-macos-x86_64, r-oldrel-macos-x86_64