CRAN Package Check Results for Package seagull

Last updated on 2021-01-19 05:48:16 CET.

Flavor Version Tinstall Tcheck Ttotal Status Flags
r-devel-linux-x86_64-debian-clang 1.0.6 121.17 53.97 175.14 OK
r-devel-linux-x86_64-debian-gcc 1.0.6 80.03 41.83 121.86 OK
r-devel-linux-x86_64-fedora-clang 1.0.6 254.60 NOTE
r-devel-linux-x86_64-fedora-gcc 1.0.6 226.24 OK
r-devel-windows-ix86+x86_64 1.0.6 207.00 102.00 309.00 OK
r-patched-linux-x86_64 1.0.6 97.12 52.47 149.59 OK
r-patched-solaris-x86 1.0.6 246.80 OK
r-release-linux-x86_64 1.0.6 98.21 53.43 151.64 OK
r-release-macos-x86_64 1.0.6 OK
r-release-windows-ix86+x86_64 1.0.6 291.00 101.00 392.00 OK
r-oldrel-macos-x86_64 1.0.6 OK
r-oldrel-windows-ix86+x86_64 1.0.6 187.00 78.00 265.00 OK

Check Details

Version: 1.0.6
Check: installed package size
Result: NOTE
     installed size is 5.1Mb
     sub-directories of 1Mb or more:
     libs 4.4Mb
Flavor: r-devel-linux-x86_64-fedora-clang