CRAN Package Check Results for Package secure

Last updated on 2019-10-19 05:47:32 CEST.

Flavor Version Tinstall Tcheck Ttotal Status Flags
r-devel-linux-x86_64-debian-clang 0.5 38.82 31.46 70.28 NOTE
r-devel-linux-x86_64-debian-gcc 0.5 33.40 25.29 58.69 NOTE
r-devel-linux-x86_64-fedora-clang 0.5 106.49 NOTE
r-devel-linux-x86_64-fedora-gcc 0.5 102.00 NOTE
r-devel-windows-ix86+x86_64 0.5 88.00 69.00 157.00 OK
r-patched-linux-x86_64 0.5 33.87 31.36 65.23 NOTE
r-patched-solaris-x86 0.5 101.40 OK
r-release-linux-x86_64 0.5 32.94 31.42 64.36 NOTE
r-release-windows-ix86+x86_64 0.5 58.00 66.00 124.00 OK
r-release-osx-x86_64 0.5 OK
r-oldrel-windows-ix86+x86_64 0.5 67.00 67.00 134.00 OK
r-oldrel-osx-x86_64 0.5 OK

Check Details

Version: 0.5
Check: use of SHLIB_OPENMP_*FLAGS in Makefiles
Result: NOTE
     src/Makevars: SHLIB_OPENMP_CFLAGS is included in PKG_LIBS but linking is by C++
    Use of these macros is discussed in sect 1.2.1.1 of 'Writing R
    Extensions'. The macros for different languages may differ so the
    matching macro must be used in PKG_CXXFLAGS (etc) and match that used
    in PKG_LIBS (except for Fortran: see the manual).
Flavors: r-devel-linux-x86_64-debian-clang, r-devel-linux-x86_64-debian-gcc, r-devel-linux-x86_64-fedora-clang, r-devel-linux-x86_64-fedora-gcc, r-patched-linux-x86_64, r-release-linux-x86_64