CRAN Package Check Results for Package secure

Last updated on 2021-10-27 05:55:22 CEST.

Flavor Version Tinstall Tcheck Ttotal Status Flags
r-devel-linux-x86_64-debian-clang 0.6 41.45 35.19 76.64 OK
r-devel-linux-x86_64-debian-gcc 0.6 30.84 28.16 59.00 OK
r-devel-linux-x86_64-fedora-clang 0.6 126.67 OK
r-devel-linux-x86_64-fedora-gcc 0.6 102.76 OK
r-devel-windows-x86_64 0.6 55.00 51.00 106.00 OK
r-devel-windows-x86_64-gcc10-UCRT 0.6 OK
r-patched-linux-x86_64 0.6 38.88 34.91 73.79 OK
r-patched-solaris-x86 0.6 111.80 OK
r-release-linux-x86_64 0.6 38.42 34.75 73.17 OK
r-release-macos-arm64 0.6 NOTE
r-release-macos-x86_64 0.6 OK
r-release-windows-ix86+x86_64 0.6 74.00 92.00 166.00 OK
r-oldrel-macos-x86_64 0.6 OK
r-oldrel-windows-ix86+x86_64 0.6 107.00 85.00 192.00 OK

Check Details

Version: 0.6
Check: installed package size
Result: NOTE
     installed size is 5.6Mb
     sub-directories of 1Mb or more:
     libs 4.6Mb
Flavor: r-release-macos-arm64