CRAN Package Check Results for Package secure

Last updated on 2020-05-30 05:48:16 CEST.

Flavor Version Tinstall Tcheck Ttotal Status Flags
r-devel-linux-x86_64-debian-clang 0.5 44.81 33.77 78.58 NOTE
r-devel-linux-x86_64-debian-gcc 0.5 34.71 26.77 61.48 NOTE
r-devel-linux-x86_64-fedora-clang 0.5 104.44 NOTE
r-devel-linux-x86_64-fedora-gcc 0.5 103.68 NOTE
r-devel-windows-ix86+x86_64 0.5 106.00 82.00 188.00 OK
r-patched-linux-x86_64 0.5 41.45 34.46 75.91 NOTE
r-patched-solaris-x86 0.5 104.80 OK
r-release-linux-x86_64 0.5 41.27 33.99 75.26 NOTE
r-release-osx-x86_64 0.5 OK
r-release-windows-ix86+x86_64 0.5 86.00 90.00 176.00 OK
r-oldrel-osx-x86_64 0.5 OK
r-oldrel-windows-ix86+x86_64 0.5 95.00 71.00 166.00 OK

Check Details

Version: 0.5
Check: use of SHLIB_OPENMP_*FLAGS in Makefiles
Result: NOTE
     src/Makevars: SHLIB_OPENMP_CFLAGS is included in PKG_LIBS but linking is by C++
    Use of these macros is discussed in sect 1.2.1.1 of 'Writing R
    Extensions'. The macros for different languages may differ so the
    matching macro must be used in PKG_CXXFLAGS (etc) and match that used
    in PKG_LIBS (except for Fortran: see the manual).
Flavors: r-devel-linux-x86_64-debian-clang, r-devel-linux-x86_64-debian-gcc, r-devel-linux-x86_64-fedora-clang, r-devel-linux-x86_64-fedora-gcc, r-patched-linux-x86_64, r-release-linux-x86_64