CRAN Package Check Results for Package seewave

Last updated on 2021-09-27 05:51:37 CEST.

Flavor Version Tinstall Tcheck Ttotal Status Flags
r-devel-linux-x86_64-debian-clang 2.1.8 14.96 151.42 166.38 OK
r-devel-linux-x86_64-debian-gcc 2.1.8 11.98 114.51 126.49 OK
r-devel-linux-x86_64-fedora-clang 2.1.8 207.34 OK
r-devel-linux-x86_64-fedora-gcc 2.1.8 194.72 OK
r-devel-windows-x86_64 2.1.8 19.00 139.00 158.00 OK
r-devel-windows-x86_64-gcc10-UCRT 2.1.8 OK
r-patched-linux-x86_64 2.1.8 19.67 146.49 166.16 OK
r-patched-solaris-x86 2.1.8 249.90 OK
r-release-linux-x86_64 2.1.8 15.45 146.94 162.39 OK
r-release-macos-arm64 2.1.8 NOTE
r-release-macos-x86_64 2.1.8 NOTE
r-release-windows-ix86+x86_64 2.1.8 25.00 147.00 172.00 OK
r-oldrel-macos-x86_64 2.1.8 NOTE
r-oldrel-windows-ix86+x86_64 2.1.8 19.00 138.00 157.00 OK

Check Details

Version: 2.1.8
Check: package dependencies
Result: NOTE
    Package suggested but not available for checking: ‘rpanel’
Flavors: r-release-macos-arm64, r-release-macos-x86_64, r-oldrel-macos-x86_64