CRAN Package Check Results for Package seewave

Last updated on 2020-06-04 05:49:14 CEST.

Flavor Version Tinstall Tcheck Ttotal Status Flags
r-devel-linux-x86_64-debian-clang 2.1.6 14.32 135.67 149.99 OK
r-devel-linux-x86_64-debian-gcc 2.1.6 11.61 105.33 116.94 OK
r-devel-linux-x86_64-fedora-clang 2.1.6 196.10 OK
r-devel-linux-x86_64-fedora-gcc 2.1.6 180.09 OK
r-devel-windows-ix86+x86_64 2.1.6 29.00 212.00 241.00 OK
r-patched-linux-x86_64 2.1.6 15.89 134.45 150.34 OK
r-patched-solaris-x86 2.1.6 221.40 OK
r-release-linux-x86_64 2.1.6 15.04 134.26 149.30 OK
r-release-osx-x86_64 2.1.6 NOTE
r-release-windows-ix86+x86_64 2.1.6 21.00 152.00 173.00 OK
r-oldrel-osx-x86_64 2.1.6 NOTE
r-oldrel-windows-ix86+x86_64 2.1.6 27.00 146.00 173.00 OK

Check Details

Version: 2.1.6
Check: package dependencies
Result: NOTE
    Package suggested but not available for checking: ‘rpanel’
Flavors: r-release-osx-x86_64, r-oldrel-osx-x86_64