CRAN Package Check Results for Package selectiongain

Last updated on 2022-08-11 05:54:40 CEST.

Flavor Version Tinstall Tcheck Ttotal Status Flags
r-devel-linux-x86_64-debian-clang 2.0.707 9.40 68.25 77.65 NOTE
r-devel-linux-x86_64-debian-gcc 2.0.707 8.85 51.08 59.93 NOTE
r-devel-linux-x86_64-fedora-clang 2.0.707 101.62 OK
r-devel-linux-x86_64-fedora-gcc 2.0.707 107.97 OK
r-devel-windows-x86_64 2.0.707 30.00 84.00 114.00 OK
r-patched-linux-x86_64 2.0.707 9.46 65.49 74.95 OK
r-release-linux-x86_64 2.0.707 OK
r-release-macos-arm64 2.0.707 25.00 OK
r-release-macos-x86_64 2.0.707 37.00 OK
r-release-windows-x86_64 2.0.707 14.00 85.00 99.00 OK
r-oldrel-macos-arm64 2.0.707 25.00 OK
r-oldrel-macos-x86_64 2.0.707 36.00 OK
r-oldrel-windows-ix86+x86_64 2.0.707 15.00 90.00 105.00 OK

Check Details

Version: 2.0.707
Check: HTML version of manual
Result: NOTE
    Found the following math rendering problems:
    multistagegain.each.Rd:29: Can't use function '$' in math mode in ...ta G_2(y), ...)$ where $\Delta ...
Flavors: r-devel-linux-x86_64-debian-clang, r-devel-linux-x86_64-debian-gcc