CRAN Package Check Results for Package selfea

Last updated on 2019-12-15 05:47:54 CET.

Flavor Version Tinstall Tcheck Ttotal Status Flags
r-devel-linux-x86_64-debian-clang 1.0.1 4.39 53.90 58.29 NOTE
r-devel-linux-x86_64-debian-gcc 1.0.1 3.74 42.74 46.48 NOTE
r-devel-linux-x86_64-fedora-clang 1.0.1 69.80 NOTE
r-devel-linux-x86_64-fedora-gcc 1.0.1 69.22 NOTE
r-devel-windows-ix86+x86_64 1.0.1 10.00 91.00 101.00 NOTE
r-devel-windows-ix86+x86_64-gcc8 1.0.1 15.00 93.00 108.00 NOTE
r-patched-linux-x86_64 1.0.1 3.78 47.50 51.28 NOTE
r-patched-solaris-x86 1.0.1 91.20 NOTE
r-release-linux-x86_64 1.0.1 3.37 47.78 51.15 NOTE
r-release-windows-ix86+x86_64 1.0.1 11.00 62.00 73.00 NOTE
r-release-osx-x86_64 1.0.1 NOTE
r-oldrel-windows-ix86+x86_64 1.0.1 6.00 64.00 70.00 NOTE
r-oldrel-osx-x86_64 1.0.1 NOTE

Check Details

Version: 1.0.1
Check: R code for possible problems
Result: NOTE
    get_statistics_from_file: no visible global function definition for
     'read.csv'
    glm_anova: no visible global function definition for 'aov'
    glm_anova: no visible global function definition for 'glm'
    glm_anova: no visible global function definition for 'gaussian'
    glm_anova: no visible global function definition for 'anova'
    glm_anova: no visible global function definition for 'quasipoisson'
    glm_anova: no visible global function definition for 'sd'
    glm_anova: no visible global function definition for 'p.adjust'
    ttest_cohens_d: no visible global function definition for 't.test'
    ttest_cohens_d: no visible global function definition for 'sd'
    Undefined global functions or variables:
     anova aov gaussian glm p.adjust quasipoisson read.csv sd t.test
    Consider adding
     importFrom("stats", "anova", "aov", "gaussian", "glm", "p.adjust",
     "quasipoisson", "sd", "t.test")
     importFrom("utils", "read.csv")
    to your NAMESPACE file.
Flavors: r-devel-linux-x86_64-debian-clang, r-devel-linux-x86_64-debian-gcc, r-devel-linux-x86_64-fedora-clang, r-devel-linux-x86_64-fedora-gcc, r-devel-windows-ix86+x86_64, r-devel-windows-ix86+x86_64-gcc8, r-patched-linux-x86_64, r-patched-solaris-x86, r-release-linux-x86_64, r-release-windows-ix86+x86_64, r-release-osx-x86_64, r-oldrel-windows-ix86+x86_64, r-oldrel-osx-x86_64

Version: 1.0.1
Check: for non-standard things in the check directory
Result: NOTE
    Found the following files/directories:
     'expression.csv' 'group.csv'
Flavors: r-devel-linux-x86_64-debian-clang, r-devel-linux-x86_64-debian-gcc, r-devel-linux-x86_64-fedora-clang, r-devel-linux-x86_64-fedora-gcc