CRAN Package Check Results for Package selfea

Last updated on 2019-08-19 05:46:35 CEST.

Flavor Version Tinstall Tcheck Ttotal Status Flags
r-devel-linux-x86_64-debian-clang 1.0.1 4.33 51.19 55.52 NOTE
r-devel-linux-x86_64-debian-gcc 1.0.1 3.39 39.64 43.03 NOTE
r-devel-linux-x86_64-fedora-clang 1.0.1 63.05 NOTE
r-devel-linux-x86_64-fedora-gcc 1.0.1 63.21 NOTE
r-devel-windows-ix86+x86_64 1.0.1 16.00 74.00 90.00 NOTE
r-patched-linux-x86_64 1.0.1 3.53 49.11 52.64 NOTE
r-patched-solaris-x86 1.0.1 95.40 NOTE
r-release-linux-x86_64 1.0.1 3.97 49.18 53.15 NOTE
r-release-windows-ix86+x86_64 1.0.1 11.00 58.00 69.00 NOTE
r-release-osx-x86_64 1.0.1 NOTE
r-oldrel-windows-ix86+x86_64 1.0.1 11.00 80.00 91.00 NOTE
r-oldrel-osx-x86_64 1.0.1 NOTE

Check Details

Version: 1.0.1
Check: R code for possible problems
Result: NOTE
    get_statistics_from_file: no visible global function definition for
     'read.csv'
    glm_anova: no visible global function definition for 'aov'
    glm_anova: no visible global function definition for 'glm'
    glm_anova: no visible global function definition for 'gaussian'
    glm_anova: no visible global function definition for 'anova'
    glm_anova: no visible global function definition for 'quasipoisson'
    glm_anova: no visible global function definition for 'sd'
    glm_anova: no visible global function definition for 'p.adjust'
    ttest_cohens_d: no visible global function definition for 't.test'
    ttest_cohens_d: no visible global function definition for 'sd'
    Undefined global functions or variables:
     anova aov gaussian glm p.adjust quasipoisson read.csv sd t.test
    Consider adding
     importFrom("stats", "anova", "aov", "gaussian", "glm", "p.adjust",
     "quasipoisson", "sd", "t.test")
     importFrom("utils", "read.csv")
    to your NAMESPACE file.
Flavors: r-devel-linux-x86_64-debian-clang, r-devel-linux-x86_64-debian-gcc, r-devel-linux-x86_64-fedora-clang, r-devel-linux-x86_64-fedora-gcc, r-devel-windows-ix86+x86_64, r-patched-linux-x86_64, r-patched-solaris-x86, r-release-linux-x86_64, r-release-windows-ix86+x86_64, r-release-osx-x86_64, r-oldrel-windows-ix86+x86_64, r-oldrel-osx-x86_64

Version: 1.0.1
Check: for non-standard things in the check directory
Result: NOTE
    Found the following files/directories:
     'expression.csv' 'group.csv'
Flavors: r-devel-linux-x86_64-debian-clang, r-devel-linux-x86_64-debian-gcc, r-devel-linux-x86_64-fedora-clang, r-devel-linux-x86_64-fedora-gcc