CRAN Package Check Results for Package sem

Last updated on 2021-10-21 05:51:13 CEST.

Flavor Version Tinstall Tcheck Ttotal Status Flags
r-devel-linux-x86_64-debian-clang 3.1-13 22.64 123.51 146.15 OK
r-devel-linux-x86_64-debian-gcc 3.1-13 17.93 96.33 114.26 OK
r-devel-linux-x86_64-fedora-clang 3.1-13 204.40 OK
r-devel-linux-x86_64-fedora-gcc 3.1-13 188.88 OK
r-devel-windows-x86_64 3.1-13 41.00 160.00 201.00 OK
r-devel-windows-x86_64-gcc10-UCRT 3.1-13 NOTE
r-patched-linux-x86_64 3.1-13 27.90 121.11 149.01 OK
r-patched-solaris-x86 3.1-13 246.90 OK
r-release-linux-x86_64 3.1-13 24.33 119.18 143.51 OK
r-release-macos-arm64 3.1-13 OK
r-release-macos-x86_64 3.1-13 OK
r-release-windows-ix86+x86_64 3.1-13 57.00 247.00 304.00 OK
r-oldrel-macos-x86_64 3.1-13 OK
r-oldrel-windows-ix86+x86_64 3.1-13 63.00 240.00 303.00 OK

Check Details

Version: 3.1-13
Check: package dependencies
Result: NOTE
    Package suggested but not available for checking: 'DiagrammeR'
Flavor: r-devel-windows-x86_64-gcc10-UCRT