CRAN Package Check Results for Package semPLS

Last updated on 2021-11-27 05:49:50 CET.

Flavor Version Tinstall Tcheck Ttotal Status Flags
r-devel-linux-x86_64-debian-clang 1.0-10 NOTE
r-devel-linux-x86_64-debian-gcc 1.0-10 3.97 59.04 63.01 NOTE
r-devel-linux-x86_64-fedora-clang 1.0-10 108.41 WARN
r-devel-linux-x86_64-fedora-gcc 1.0-10 97.63 WARN
r-devel-windows-x86_64-new-UL 1.0-10 14.00 156.00 170.00 NOTE
r-devel-windows-x86_64-new-TK 1.0-10 NOTE
r-devel-windows-x86_64-old 1.0-10 7.00 97.00 104.00 NOTE
r-patched-linux-x86_64 1.0-10 5.76 74.49 80.25 NOTE
r-patched-solaris-x86 1.0-10 134.40 NOTE
r-release-linux-x86_64 1.0-10 NOTE
r-release-macos-arm64 1.0-10 NOTE
r-release-macos-x86_64 1.0-10 NOTE
r-release-windows-ix86+x86_64 1.0-10 10.00 71.00 81.00 NOTE
r-oldrel-macos-x86_64 1.0-10 NOTE
r-oldrel-windows-ix86+x86_64 1.0-10 7.00 102.00 109.00 NOTE

Check Details

Version: 1.0-10
Check: dependencies in R code
Result: NOTE
    'library' or 'require' calls in package code:
     'XML' 'boot' 'sem'
     Please use :: or requireNamespace() instead.
     See section 'Suggested packages' in the 'Writing R Extensions' manual.
    Unexported objects imported by ':::' calls:
     'boot:::const' 'stats:::AIC.logLik' 'stats:::BIC.logLik'
     See the note in ?`:::` about the use of this operator.
    There are ::: calls to the package's namespace in its code. A package
     almost never needs to use ::: for its own objects:
     'addPath.plsm' 'endogenous' 'predecessors' 'qSquared' 'reorder'
     'resempls' 'residuals.sempls'
Flavors: r-devel-linux-x86_64-debian-clang, r-devel-linux-x86_64-debian-gcc, r-devel-linux-x86_64-fedora-clang, r-devel-linux-x86_64-fedora-gcc, r-devel-windows-x86_64-new-UL, r-devel-windows-x86_64-new-TK, r-devel-windows-x86_64-old, r-patched-linux-x86_64, r-patched-solaris-x86, r-release-linux-x86_64, r-release-macos-arm64, r-release-macos-x86_64, r-release-windows-ix86+x86_64, r-oldrel-macos-x86_64, r-oldrel-windows-ix86+x86_64

Version: 1.0-10
Check: R code for possible problems
Result: NOTE
    AIC.sempls : aic: no visible global function definition for 'logLik'
    BIC.sempls : bic: no visible global function definition for 'logLik'
    bootsempls: no visible global function definition for 'runif'
    centroid: no visible global function definition for 'cor'
    densityplot.bootsempls: no visible global function definition for 'var'
    densityplot.sempls: no visible global function definition for 'predict'
    densityplot.sempls: no visible global function definition for
     'residuals'
    extractAIC.semplslv: no visible global function definition for
     'deviance'
    factorial: no visible global function definition for 'cor'
    ic.sempls: no visible global function definition for 'deviance'
    mvpairs.plsm: no visible global function definition for 'par'
    mvplot.plsm: no visible global function definition for 'reshape'
    mvplot.plsm: no visible global function definition for 'par'
    mvplot.plsm: no visible global function definition for 'xtabs'
    outerApprx: no visible global function definition for 'cor'
    outerApprx2: no visible global function definition for 'cor'
    pairs: no visible binding for global variable 'points'
    pairs : textPanel: no visible global function definition for 'text'
    pairs : localAxis: no visible global function definition for 'Axis'
    pairs: no visible global function definition for 'par'
    pairs: no visible global function definition for 'box'
    pairs: no visible global function definition for 'strwidth'
    pairs: no visible global function definition for 'mtext'
    panel.bars: no visible global function definition for 'par'
    panel.bars: no visible global function definition for 'barplot'
    panel.bars: no visible global function definition for 'rect'
    panel.cor: no visible global function definition for 'par'
    panel.cor: no visible global function definition for 'cor'
    panel.cor: no visible global function definition for 'complete.cases'
    panel.cor: no visible global function definition for 'strwidth'
    panel.cor: no visible global function definition for 'text'
    panel.jitter: no visible global function definition for 'par'
    panel.jitter: no visible global function definition for 'points'
    panel.jitter: no visible global function definition for 'lines'
    panel.jitter: no visible global function definition for 'abline'
    pathCoeff.default: no visible global function definition for 'cor'
    pathWeighting: no visible global function definition for 'cor'
    plot.sempls: no visible global function definition for
     'trellis.par.get'
    plot.sempls: no visible global function definition for
     'trellis.par.set'
    plot.sempls: no visible global function definition for 'xyplot'
    plsm: no visible global function definition for 'edit'
    plsm: no visible global function definition for 'read.csv'
    plsm2sem.plsm: no visible global function definition for
     'packageVersion'
    plsm2sem.plsm: no visible global function definition for 'specifyModel'
    plsm2sem.plsm: no visible global function definition for
     'specify.model'
    plsmEdit.plsm: no visible global function definition for 'edit'
    predict.sempls: no visible global function definition for
     'complete.cases'
    print.bootsempls: no visible binding for global variable 'sd'
    qSquared.sempls : sse: no visible global function definition for
     'complete.cases'
    rSquared.sempls: no visible global function definition for 'predict'
    rSquared.sempls: no visible binding for global variable 'var'
    rSquared2.sempls: no visible global function definition for 'predict'
    rSquared2.sempls: no visible binding for global variable 'var'
    read.splsm: no visible global function definition for
     'xmlInternalTreeParse'
    read.splsm: no visible global function definition for 'xpathApply'
    read.splsm: no visible binding for global variable 'xmlGetAttr'
    resempls: no visible global function definition for 'cor'
    resempls: no visible global function definition for 'coefficients'
    residuals.sempls: no visible global function definition for 'predict'
    sempls.plsm: no visible global function definition for 'complete.cases'
    sempls.plsm: no visible global function definition for 'na.omit'
    sempls.plsm: no visible binding for global variable 'sd'
    sempls.plsm: no visible global function definition for 'reshape'
    sempls.plsm: no visible global function definition for 'cor'
    sempls.plsm: no visible global function definition for 'coefficients'
    summary.bootsempls: no visible binding for global variable 'sd'
    summary.bootsempls: no visible global function definition for 'boot.ci'
    Undefined global functions or variables:
     Axis abline barplot boot.ci box coefficients complete.cases cor
     deviance edit lines logLik mtext na.omit packageVersion par points
     predict read.csv rect reshape residuals runif sd specify.model
     specifyModel strwidth text trellis.par.get trellis.par.set var
     xmlGetAttr xmlInternalTreeParse xpathApply xtabs xyplot
    Consider adding
     importFrom("graphics", "Axis", "abline", "barplot", "box", "lines",
     "mtext", "par", "points", "rect", "strwidth", "text")
     importFrom("stats", "coefficients", "complete.cases", "cor",
     "deviance", "logLik", "na.omit", "predict", "reshape",
     "residuals", "runif", "sd", "var", "xtabs")
     importFrom("utils", "edit", "packageVersion", "read.csv")
    to your NAMESPACE file.
Flavors: r-devel-linux-x86_64-debian-clang, r-devel-linux-x86_64-debian-gcc, r-devel-linux-x86_64-fedora-clang, r-devel-linux-x86_64-fedora-gcc, r-devel-windows-x86_64-new-UL, r-devel-windows-x86_64-new-TK, r-devel-windows-x86_64-old, r-patched-linux-x86_64, r-patched-solaris-x86, r-release-linux-x86_64, r-release-macos-arm64, r-release-macos-x86_64, r-release-windows-ix86+x86_64, r-oldrel-macos-x86_64, r-oldrel-windows-ix86+x86_64

Version: 1.0-10
Check: re-building of vignette outputs
Result: WARN
    Error(s) in re-building vignettes:
    --- re-building ‘semPLS-intro.Rnw’ using Sweave
    Loading required package: lattice
    
    Attaching package: 'sem'
    
    The following object is masked _by_ 'package:semPLS':
    
     pathDiagram
    
    Read 67 records
    NOTE: it is generally simpler to use specifyEquations() or cfa()
     see ?specifyEquations
    Loading required package: XML
    Error: processing vignette 'semPLS-intro.Rnw' failed with diagnostics:
    Running 'texi2dvi' on 'semPLS-intro.tex' failed.
    LaTeX errors:
    ! Package xcolor Error: Undefined color `Blue'.
    
    See the xcolor package documentation for explanation.
    Type H <return> for immediate help.
     ...
    ! Package xcolor Error: Undefined color `Blue'.
    
    See the xcolor package documentation for explanation.
    Type H <return> for immediate help.
     ...
    ! Package xcolor Error: Undefined color `Blue'.
    
    See the xcolor package documentation for explanation.
    Type H <return> for immediate help.
     ...
    ! Package xcolor Error: Undefined color `Blue'.
    
    See the xcolor package documentation for explanation.
    Type H <return> for immediate help.
     ...
    ! Package xcolor Error: Undefined color `Blue'.
    
    See the xcolor package documentation for explanation.
    Type H <return> for immediate help.
     ...
    ! Package xcolor Error: Undefined color `Blue'.
    
    See the xcolor package documentation for explanation.
    Type H <return> for immediate help.
     ...
    ! Package xcolor Error: Undefined color `Blue'.
    
    See the xcolor package documentation for explanation.
    Type H <return> for immediate help.
     ...
    ! Package xcolor Error: Undefined color `Blue'.
    
    See the xcolor package documentation for explanation.
    Type H <return> for immediate help.
     ...
    ! Package xcolor Error: Undefined color `Blue'.
    
    See the xcolor package documentation for explanation.
    Type H <return> for immediate help.
     ...
    ! Package xcolor Error: Undefined color `Blue'.
    
    See the xcolor package documentation for explanation.
    Type H <return> for immediate help.
     ...
    ! Package xcolor Error: Undefined color `Blue'.
    
    See the xcolor package documentation for explanation.
    Type H <return> for immediate help.
     ...
    ! Package xcolor Error: Undefined color `Blue'.
    
    See the xcolor package documentation for explanation.
    Type H <return> for immediate help.
     ...
    ! Package xcolor Error: Undefined color `Blue'.
    
    See the xcolor package documentation for explanation.
    Type H <return> for immediate help.
     ...
    ! Package xcolor Error: Undefined color `Blue'.
    
    See the xcolor package documentation for explanation.
    Type H <return> for immediate help.
     ...
    ! Package xcolor Error: Undefined color `Blue'.
    
    See the xcolor package documentation for explanation.
    Type H <return> for immediate help.
     ...
    ! Package xcolor Error: Undefined color `Blue'.
    
    See the xcolor package documentation for explanation.
    Type H <return> for immediate help.
     ...
    ! Package xcolor Error: Undefined color `Blue'.
    
    See the xcolor package documentation for explanation.
    Type H <return> for immediate help.
     ...
    ! Package xcolor Error: Undefined color `Blue'.
    
    See the xcolor package documentation for explanation.
    Type H <return> for immediate help.
     ...
    ! Package xcolor Error: Undefined color `Blue'.
    
    See the xcolor package documentation for explanation.
    Type H <return> for immediate help.
     ...
    ! Package xcolor Error: Undefined color `Blue'.
    
    See the xcolor package documentation for explanation.
    Type H <return> for immediate help.
     ...
    ! Package xcolor Error: Undefined color `Blue'.
    
    See the xcolor package documentation for explanation.
    Type H <return> for immediate help.
     ...
    ! Package xcolor Error: Undefined color `Blue'.
    
    See the xcolor package documentation for explanation.
    Type H <return> for immediate help.
     ...
    ! Package xcolor Error: Undefined color `Blue'.
    
    See the xcolor package documentation for explanation.
    Type H <return> for immediate help.
     ...
    ! Package xcolor Error: Undefined color `Blue'.
    
    See the xcolor package documentation for explanation.
    Type H <return> for immediate help.
     ...
    ! Package xcolor Error: Undefined color `Blue'.
    
    See the xcolor package documentation for explanation.
    Type H <return> for immediate help.
     ...
    ! Package xcolor Error: Undefined color `Blue'.
    
    See the xcolor package documentation for explanation.
    Type H <return> for immediate help.
     ...
    ! Package xcolor Error: Undefined color `Blue'.
    
    See the xcolor package documentation for explanation.
    Type H <return> for immediate help.
     ...
    ! Package xcolor Error: Undefined color `Blue'.
    
    See the xcolor package documentation for explanation.
    Type H <return> for immediate help.
     ...
    ! Package xcolor Error: Undefined color `Blue'.
    
    See the xcolor package documentation for explanation.
    Type H <return> for immediate help.
     ...
    ! Package xcolor Error: Undefined color `Blue'.
    
    See the xcolor package documentation for explanation.
    Type H <return> for immediate help.
     ...
    ! Package xcolor Error: Undefined color `Blue'.
    
    See the xcolor package documentation for explanation.
    Type H <return> for immediate help.
     ...
    ! Package xcolor Error: Undefined color `Blue'.
    
    See the xcolor package documentation for explanation.
    Type H <return> for immediate help.
     ...
    ! Package xcolor Error: Undefined color `Blue'.
    
    See the xcolor package documentation for explanation.
    Type H <return> for immediate help.
     ...
    ! Package xcolor Error: Undefined color `Blue'.
    
    See the xcolor package documentation for explanation.
    Type H <return> for immediate help.
     ...
    ! Package xcolor Error: Undefined color `Red'.
    
    See the xcolor package documentation for explanation.
    Type H <return> for immediate help.
     ...
    ! Package xcolor Error: Undefined color `Blue'.
    
    See the xcolor package documentation for explanation.
    Type H <return> for immediate help.
     ...
    ! Package xcolor Error: Undefined color `Blue'.
    
    See the xcolor package documentation for explanation.
    Type H <return> for immediate help.
     ...
    ! Package xcolor Error: Undefined color `Blue'.
    
    See the xcolor package documentation for explanation.
    Type H <return> for immediate help.
     ...
    ! Package xcolor Error: Undefined color `Blue'.
    
    See the xcolor package documentation for explanation.
    Type H <return> for immediate help.
     ...
    ! Package xcolor Error: Undefined color `Blue'.
    
    See the xcolor package documentation for explanation.
    Type H <return> for immediate help.
     ...
    ! Package xcolor Error: Undefined color `Blue'.
    
    See the xcolor package documentation for explanation.
    Type H <return> for immediate help.
     ...
    ! Package xcolor Error: Undefined color `Blue'.
    
    See the xcolor package documentation for explanation.
    Type H <return> for immediate help.
     ...
    ! Package xcolor Error: Undefined color `Blue'.
    
    See the xcolor
    --- failed re-building 'semPLS-intro.Rnw'
    
    SUMMARY: processing the following file failed:
     'semPLS-intro.Rnw'
    
    Error: Vignette re-building failed.
    Execution halted
Flavors: r-devel-linux-x86_64-fedora-clang, r-devel-linux-x86_64-fedora-gcc

Version: 1.0-10
Check: re-building of vignette outputs
Result: NOTE
    Error(s) in re-building vignettes:
    --- re-building 'semPLS-intro.Rnw' using Sweave
    Loading required package: lattice
    
    Attaching package: 'sem'
    
    The following object is masked _by_ 'package:semPLS':
    
     pathDiagram
    
    Read 67 records
    NOTE: it is generally simpler to use specifyEquations() or cfa()
     see ?specifyEquations
    Loading required package: XML
    Warning in system(paste(shQuote(texi2dvi), if (quiet) "--quiet" else "", :
     running command '"C:\PROGRA~1\MiKTeX\miktex\bin\x64\texify.exe" --quiet --pdf "semPLS-intro.tex" --max-iterations=20 -I "C:/r_packages/rinst/share/texmf/tex/latex" -I "C:/r_packages/rinst/share/texmf/bibtex/bst"' had status 1
    Error: processing vignette 'semPLS-intro.Rnw' failed with diagnostics:
    running 'texi2dvi' on 'semPLS-intro.tex' failed
    
    LaTeX errors:
    PLS-intro.tex:155: Package xcolor Error: Undefined color `Red'.
    
    See the xcolor package documentation for explanation.
    Type H <return> for immediate help.
     ...
    PLS-intro.tex:203: Package xcolor Error: Undefined color `Red'.
    
    See the xcolor package documentation for explanation.
    Type H <return> for immediate help.
     ...
    PLS-intro.tex:1933: Package xcolor Error: Undefined color `Red'.
    
    See the xcolor package documentation for explanation.
    Type H <return> for immediate help.
     ...
    PLS-intro.tex:1933: Package xcolor Error: Undefined color `Red'.
    
    See the xcolor package documentation for explanation.
    Type H <return> for immediate help.
     ...
    PLS-intro.tex:1933: Package xcolor Error: Undefined color `Red'.
    
    See the xcolor package documentation for explanation.
    Type H <return> for immediate help.
     ...
    PLS-intro.tex:1933: Package xcolor Error: Undefined color `Red'.
    
    See the xcolor package documentation for explanation.
    Type H <return> for immediate help.
     ...
    
    --- failed re-building 'semPLS-intro.Rnw'
    
    SUMMARY: processing the following file failed:
     'semPLS-intro.Rnw'
    
    Error: Vignette re-building failed.
    Execution halted
Flavor: r-devel-windows-x86_64-new-TK