CRAN Package Check Results for Package sendigR

Last updated on 2024-02-25 06:08:41 CET.

Flavor Version Tinstall Tcheck Ttotal Status Flags
r-devel-linux-x86_64-debian-clang 1.0.0 12.17 58.11 70.28 OK
r-devel-linux-x86_64-debian-gcc 1.0.0 11.00 42.94 53.94 OK
r-devel-linux-x86_64-fedora-clang 1.0.0 82.42 NOTE
r-devel-linux-x86_64-fedora-gcc 1.0.0 97.65 NOTE
r-devel-windows-x86_64 1.0.0 10.00 64.00 74.00 OK
r-patched-linux-x86_64 1.0.0 8.77 55.37 64.14 OK
r-release-linux-x86_64 1.0.0 10.22 55.12 65.34 OK
r-release-macos-arm64 1.0.0 38.00 OK
r-release-macos-x86_64 1.0.0 53.00 OK
r-release-windows-x86_64 1.0.0 12.00 71.00 83.00 OK
r-oldrel-macos-arm64 1.0.0 25.00 NOTE
r-oldrel-windows-x86_64 1.0.0 13.00 72.00 85.00 OK

Check Details

Version: 1.0.0
Check: dependencies in R code
Result: NOTE Namespace in Imports field not imported from: ‘reticulate’ All declared Imports should be used. Flavors: r-devel-linux-x86_64-fedora-clang, r-devel-linux-x86_64-fedora-gcc, r-oldrel-macos-arm64