CRAN Package Check Results for Package sensitivity

Last updated on 2019-12-14 05:47:44 CET.

Flavor Version Tinstall Tcheck Ttotal Status Flags
r-devel-linux-x86_64-debian-clang 1.16.3 20.82 110.69 131.51 OK
r-devel-linux-x86_64-debian-gcc 1.16.3 14.65 82.07 96.72 OK
r-devel-linux-x86_64-fedora-clang 1.16.3 154.10 OK
r-devel-linux-x86_64-fedora-gcc 1.16.3 146.21 OK
r-devel-windows-ix86+x86_64 1.16.3 45.00 149.00 194.00 OK
r-devel-windows-ix86+x86_64-gcc8 1.16.3 37.00 170.00 207.00 OK
r-patched-linux-x86_64 1.16.3 13.75 97.05 110.80 OK
r-patched-solaris-x86 1.16.3 196.30 OK
r-release-linux-x86_64 1.16.3 15.13 97.92 113.05 OK
r-release-windows-ix86+x86_64 1.16.3 26.00 143.00 169.00 OK
r-release-osx-x86_64 1.16.3 NOTE
r-oldrel-windows-ix86+x86_64 1.16.3 23.00 132.00 155.00 WARN
r-oldrel-osx-x86_64 1.16.3 NOTE

Check Details

Version: 1.16.3
Check: dependencies in R code
Result: NOTE
    No protocol specified
Flavors: r-release-osx-x86_64, r-oldrel-osx-x86_64

Version: 1.16.3
Check: whether package can be installed
Result: WARN
    Found the following significant warnings:
     Warning: S3 methods '[.fun_list', '[.grouped_df', 'all.equal.tbl_df', 'anti_join.data.frame', 'anti_join.tbl_df', 'arrange.data.frame', 'arrange.default', 'arrange.grouped_df', 'arrange.tbl_df', 'arrange_.data.frame', 'arrange_.tbl_df', 'as.data.frame.grouped_df', 'as.data.frame.rowwise_df', 'as.data.frame.tbl_cube', 'as.table.tbl_cube', 'as.tbl.data.frame', 'as.tbl.tbl', 'as.tbl_cube.array', 'as.tbl_cube.data.frame', 'as.tbl_cube.matrix', 'as.tbl_cube.table', 'as_tibble.grouped_df', 'as_tibble.tbl_cube', 'auto_copy.tbl_cube', 'auto_copy.tbl_df', 'cbind.grouped_df', 'collapse.data.frame', 'collect.data.frame', 'common_by.NULL', 'common_by.character', 'common_by.default', 'common_by.list', 'compute.data.frame', 'copy_to.DBIConnection', 'copy_to.src_local', 'default_missing.data.frame', 'default_missing.default', 'dim.tbl_cube', 'distinct.data.frame', 'distinct.default', 'distinct.grouped_df', 'distinct.tbl_df', 'distinct_.data.frame', 'distinct_.grouped_df', 'distinct_.tbl_df', 'do.NULL', 'do.da [... truncated]
Flavor: r-oldrel-windows-ix86+x86_64