CRAN Package Check Results for Package sentometrics

Last updated on 2024-07-15 06:49:38 CEST.

Flavor Version Tinstall Tcheck Ttotal Status Flags
r-devel-linux-x86_64-debian-clang 1.0.0 104.05 235.34 339.39 NOTE
r-devel-linux-x86_64-debian-gcc 1.0.0 71.34 181.11 252.45 NOTE
r-devel-linux-x86_64-fedora-clang 1.0.0 484.83 NOTE
r-devel-linux-x86_64-fedora-gcc 1.0.0 437.02 NOTE
r-devel-windows-x86_64 1.0.0 85.00 207.00 292.00 NOTE
r-patched-linux-x86_64 1.0.0 70.50 228.06 298.56 NOTE
r-release-linux-x86_64 1.0.0 65.32 229.55 294.87 NOTE
r-release-macos-arm64 1.0.0 113.00 NOTE
r-release-macos-x86_64 1.0.0 157.00 NOTE
r-release-windows-x86_64 1.0.0 81.00 213.00 294.00 NOTE
r-oldrel-macos-arm64 1.0.0 146.00 NOTE
r-oldrel-macos-x86_64 1.0.0 211.00 NOTE
r-oldrel-windows-x86_64 1.0.0 106.00 277.00 383.00 NOTE

Check Details

Version: 1.0.0
Check: C++ specification
Result: NOTE Specified C++11: please drop specification unless essential Flavors: r-devel-linux-x86_64-debian-clang, r-devel-linux-x86_64-debian-gcc, r-devel-linux-x86_64-fedora-clang, r-devel-linux-x86_64-fedora-gcc, r-devel-windows-x86_64, r-patched-linux-x86_64, r-release-linux-x86_64, r-release-macos-arm64, r-release-macos-x86_64, r-release-windows-x86_64, r-oldrel-macos-arm64, r-oldrel-macos-x86_64, r-oldrel-windows-x86_64

Version: 1.0.0
Check: for GNU extensions in Makefiles
Result: NOTE GNU make is a SystemRequirements. Flavors: r-devel-linux-x86_64-debian-clang, r-devel-linux-x86_64-debian-gcc, r-devel-linux-x86_64-fedora-clang, r-devel-linux-x86_64-fedora-gcc, r-devel-windows-x86_64, r-patched-linux-x86_64, r-release-linux-x86_64, r-release-macos-arm64, r-release-macos-x86_64, r-release-windows-x86_64, r-oldrel-macos-arm64, r-oldrel-macos-x86_64, r-oldrel-windows-x86_64

Version: 1.0.0
Check: data for non-ASCII characters
Result: NOTE Note: found 4436 marked UTF-8 strings Flavors: r-devel-linux-x86_64-fedora-clang, r-devel-linux-x86_64-fedora-gcc

Version: 1.0.0
Check: Rd cross-references
Result: NOTE Found the following Rd file(s) with Rd \link{} targets missing package anchors: as.data.table.sento_measures.Rd: as.data.table plot.attributions.Rd: ggplot plot.sento_measures.Rd: ggplot plot.sento_modelIter.Rd: ggplot predict.sento_model.Rd: predict.glmnet Please provide package anchors for all Rd \link{} targets not in the package itself and the base packages. Flavor: r-devel-windows-x86_64

Version: 1.0.0
Check: installed package size
Result: NOTE installed size is 7.6Mb sub-directories of 1Mb or more: data 2.3Mb libs 4.1Mb Flavors: r-release-macos-arm64, r-release-macos-x86_64, r-oldrel-macos-arm64, r-oldrel-macos-x86_64