Last updated on 2021-01-18 05:47:39 CET.
Flavor | Version | Tinstall | Tcheck | Ttotal | Status | Flags |
---|---|---|---|---|---|---|
r-devel-linux-x86_64-debian-clang | 1.0.14 | 484.64 | 467.77 | 952.41 | OK | |
r-devel-linux-x86_64-debian-gcc | 1.0.14 | 313.91 | 332.43 | 646.34 | OK | |
r-devel-linux-x86_64-fedora-clang | 1.0.14 | 1246.28 | NOTE | |||
r-devel-linux-x86_64-fedora-gcc | 1.0.14 | 1144.41 | OK | |||
r-devel-windows-ix86+x86_64 | 1.0.14 | 784.00 | 481.00 | 1265.00 | NOTE | |
r-patched-linux-x86_64 | 1.0.14 | 277.55 | 431.72 | 709.27 | OK | |
r-patched-solaris-x86 | 1.0.14 | 1210.10 | NOTE | |||
r-release-linux-x86_64 | 1.0.14 | 315.88 | 443.12 | 759.00 | OK | |
r-release-macos-x86_64 | 1.0.14 | NOTE | ||||
r-release-windows-ix86+x86_64 | 1.0.14 | 885.00 | 428.00 | 1313.00 | NOTE | |
r-oldrel-macos-x86_64 | 1.0.14 | NOTE | ||||
r-oldrel-windows-ix86+x86_64 | 1.0.14 | 927.00 | 661.00 | 1588.00 | NOTE |
Version: 1.0.14
Check: installed package size
Result: NOTE
installed size is 22.3Mb
sub-directories of 1Mb or more:
doc 6.1Mb
libs 15.4Mb
Flavors: r-devel-linux-x86_64-fedora-clang, r-devel-windows-ix86+x86_64, r-patched-solaris-x86, r-release-macos-x86_64, r-release-windows-ix86+x86_64, r-oldrel-macos-x86_64, r-oldrel-windows-ix86+x86_64