CRAN Package Check Results for Package seqinr

Last updated on 2022-01-23 05:58:05 CET.

Flavor Version Tinstall Tcheck Ttotal Status Flags
r-devel-linux-x86_64-debian-clang 4.2-8 15.90 126.68 142.58 OK
r-devel-linux-x86_64-debian-gcc 4.2-8 12.02 107.13 119.15 OK
r-devel-linux-x86_64-fedora-clang 4.2-8 175.68 NOTE
r-devel-linux-x86_64-fedora-gcc 4.2-8 162.60 OK
r-devel-windows-x86_64-new-UL 4.2-8 186.00 191.00 377.00 NOTE
r-devel-windows-x86_64-new-TK 4.2-8 OK
r-patched-linux-x86_64 4.2-8 16.73 124.41 141.14 OK
r-release-linux-x86_64 4.2-8 15.92 124.98 140.90 OK
r-release-macos-arm64 4.2-8 NOTE
r-release-macos-x86_64 4.2-8 NOTE
r-release-windows-ix86+x86_64 4.2-8 30.00 211.00 241.00 NOTE
r-oldrel-macos-x86_64 4.2-8 NOTE
r-oldrel-windows-ix86+x86_64 4.2-8 30.00 210.00 240.00 NOTE

Check Details

Version: 4.2-8
Check: installed package size
Result: NOTE
     installed size is 5.5Mb
     sub-directories of 1Mb or more:
     data 1.4Mb
     sequences 1.9Mb
Flavors: r-devel-linux-x86_64-fedora-clang, r-devel-windows-x86_64-new-UL, r-release-macos-arm64, r-release-macos-x86_64, r-release-windows-ix86+x86_64, r-oldrel-macos-x86_64, r-oldrel-windows-ix86+x86_64