CRAN Package Check Results for Package sgeostat

Last updated on 2020-05-30 05:48:17 CEST.

Flavor Version Tinstall Tcheck Ttotal Status Flags
r-devel-linux-x86_64-debian-clang 1.0-27 4.63 29.89 34.52 OK
r-devel-linux-x86_64-debian-gcc 1.0-27 3.50 23.71 27.21 OK
r-devel-linux-x86_64-fedora-clang 1.0-27 42.49 NOTE
r-devel-linux-x86_64-fedora-gcc 1.0-27 41.63 NOTE
r-devel-windows-ix86+x86_64 1.0-27 10.00 63.00 73.00 OK
r-patched-linux-x86_64 1.0-27 3.86 29.83 33.69 OK
r-patched-solaris-x86 1.0-27 59.10 OK
r-release-linux-x86_64 1.0-27 4.13 29.95 34.08 OK
r-release-osx-x86_64 1.0-27 OK
r-release-windows-ix86+x86_64 1.0-27 10.00 76.00 86.00 OK
r-oldrel-osx-x86_64 1.0-27 OK
r-oldrel-windows-ix86+x86_64 1.0-27 8.00 67.00 75.00 OK

Check Details

Version: 1.0-27
Check: compiled code
Result: NOTE
    File ‘sgeostat/libs/sgeostat.so’:
     Found no calls to: ‘R_registerRoutines’, ‘R_useDynamicSymbols’
    
    It is good practice to register native routines and to disable symbol
    search.
    
    See ‘Writing portable packages’ in the ‘Writing R Extensions’ manual.
Flavors: r-devel-linux-x86_64-fedora-clang, r-devel-linux-x86_64-fedora-gcc