Last updated on 2023-02-02 06:03:42 CET.
Flavor | Version | Tinstall | Tcheck | Ttotal | Status | Flags |
---|---|---|---|---|---|---|
r-devel-linux-x86_64-debian-clang | 0.8 | 6.71 | 66.50 | 73.21 | OK | |
r-devel-linux-x86_64-debian-gcc | 0.8 | 5.28 | 47.99 | 53.27 | OK | |
r-devel-linux-x86_64-fedora-clang | 0.8 | 94.28 | NOTE | |||
r-devel-linux-x86_64-fedora-gcc | 0.8 | 92.15 | NOTE | |||
r-patched-linux-x86_64 | 0.8 | 7.27 | 65.01 | 72.28 | OK | |
r-release-linux-x86_64 | 0.8 | 6.06 | 70.22 | 76.28 | OK | |
r-release-macos-arm64 | 0.8 | 32.00 | NOTE | |||
r-release-macos-x86_64 | 0.8 | 42.00 | NOTE | |||
r-release-windows-x86_64 | 0.8 | 16.00 | 101.00 | 117.00 | OK | |
r-oldrel-macos-arm64 | 0.8 | 24.00 | NOTE | |||
r-oldrel-macos-x86_64 | 0.8 | 44.00 | NOTE | |||
r-oldrel-windows-ix86+x86_64 | 0.8 | 16.00 | 101.00 | 117.00 | OK |
Version: 0.8
Check: dependencies in R code
Result: NOTE
Namespace in Imports field not imported from: ‘rlang’
All declared Imports should be used.
Flavors: r-devel-linux-x86_64-fedora-clang, r-devel-linux-x86_64-fedora-gcc, r-release-macos-arm64, r-release-macos-x86_64, r-oldrel-macos-arm64, r-oldrel-macos-x86_64