CRAN Package Check Results for Package sgr

Last updated on 2022-01-24 05:52:03 CET.

Flavor Version Tinstall Tcheck Ttotal Status Flags
r-devel-linux-x86_64-debian-clang 1.3 2.17 34.23 36.40 NOTE
r-devel-linux-x86_64-debian-gcc 1.3 1.89 26.62 28.51 NOTE
r-devel-linux-x86_64-fedora-clang 1.3 48.94 NOTE
r-devel-linux-x86_64-fedora-gcc 1.3 35.37 NOTE
r-devel-windows-x86_64-new-UL 1.3 21.00 61.00 82.00 NOTE
r-devel-windows-x86_64-new-TK 1.3 NOTE
r-patched-linux-x86_64 1.3 2.39 33.07 35.46 NOTE
r-release-linux-x86_64 1.3 1.77 33.30 35.07 NOTE
r-release-macos-arm64 1.3 NOTE
r-release-macos-x86_64 1.3 NOTE
r-release-windows-ix86+x86_64 1.3 6.00 43.00 49.00 NOTE
r-oldrel-macos-x86_64 1.3 NOTE
r-oldrel-windows-ix86+x86_64 1.3 6.00 42.00 48.00 NOTE

Check Details

Version: 1.3
Check: R code for possible problems
Result: NOTE
    amse: no visible global function definition for 'na.omit'
    arb: no visible global function definition for 'na.omit'
    rdatagen: no visible global function definition for 'qnorm'
    rdatagen: no visible global function definition for 'pbinom'
    rdatagen: no visible global function definition for 'pnorm'
    Undefined global functions or variables:
     na.omit pbinom pnorm qnorm
    Consider adding
     importFrom("stats", "na.omit", "pbinom", "pnorm", "qnorm")
    to your NAMESPACE file.
Flavors: r-devel-linux-x86_64-debian-clang, r-devel-linux-x86_64-debian-gcc, r-devel-linux-x86_64-fedora-clang, r-devel-linux-x86_64-fedora-gcc, r-devel-windows-x86_64-new-UL, r-devel-windows-x86_64-new-TK, r-patched-linux-x86_64, r-release-linux-x86_64, r-release-macos-arm64, r-release-macos-x86_64, r-release-windows-ix86+x86_64, r-oldrel-macos-x86_64, r-oldrel-windows-ix86+x86_64