CRAN Package Check Results for Package shapefiles

Last updated on 2020-01-24 05:47:27 CET.

Flavor Version Tinstall Tcheck Ttotal Status Flags
r-devel-linux-x86_64-debian-clang 0.7 3.04 20.22 23.26 NOTE
r-devel-linux-x86_64-debian-gcc 0.7 2.32 16.39 18.71 NOTE
r-devel-linux-x86_64-fedora-clang 0.7 28.88 NOTE
r-devel-linux-x86_64-fedora-gcc 0.7 28.02 NOTE
r-devel-windows-ix86+x86_64 0.7 7.00 42.00 49.00 NOTE
r-devel-windows-ix86+x86_64-gcc8 0.7 6.00 43.00 49.00 NOTE
r-patched-linux-x86_64 0.7 2.32 18.79 21.11 NOTE
r-patched-solaris-x86 0.7 38.40 NOTE
r-release-linux-x86_64 0.7 2.38 18.52 20.90 NOTE
r-release-windows-ix86+x86_64 0.7 18.00 40.00 58.00 NOTE
r-release-osx-x86_64 0.7 NOTE
r-oldrel-windows-ix86+x86_64 0.7 6.00 40.00 46.00 NOTE
r-oldrel-osx-x86_64 0.7 NOTE

Check Details

Version: 0.7
Check: DESCRIPTION meta-information
Result: NOTE
    Malformed Description field: should contain one or more complete sentences.
Flavors: r-devel-linux-x86_64-debian-clang, r-devel-linux-x86_64-debian-gcc, r-devel-linux-x86_64-fedora-clang, r-devel-linux-x86_64-fedora-gcc, r-devel-windows-ix86+x86_64, r-devel-windows-ix86+x86_64-gcc8, r-patched-linux-x86_64, r-patched-solaris-x86, r-release-linux-x86_64, r-release-windows-ix86+x86_64, r-release-osx-x86_64, r-oldrel-windows-ix86+x86_64, r-oldrel-osx-x86_64

Version: 0.7
Check: dependencies in R code
Result: NOTE
    'library' or 'require' call to 'foreign' which was already attached by Depends.
     Please remove these calls from your code.
Flavors: r-devel-linux-x86_64-debian-clang, r-devel-linux-x86_64-debian-gcc, r-devel-linux-x86_64-fedora-clang, r-devel-linux-x86_64-fedora-gcc, r-devel-windows-ix86+x86_64, r-devel-windows-ix86+x86_64-gcc8, r-patched-linux-x86_64, r-patched-solaris-x86, r-release-linux-x86_64, r-release-windows-ix86+x86_64, r-release-osx-x86_64, r-oldrel-windows-ix86+x86_64, r-oldrel-osx-x86_64