CRAN Package Check Results for Package sharp

Last updated on 2022-11-28 04:54:52 CET.

Flavor Version Tinstall Tcheck Ttotal Status Flags
r-devel-linux-x86_64-debian-clang 1.2.0 10.92 351.77 362.69 OK
r-devel-linux-x86_64-debian-gcc 1.2.0 8.20 250.61 258.81 OK
r-devel-linux-x86_64-fedora-clang 1.2.0 472.16 NOTE
r-devel-linux-x86_64-fedora-gcc 1.2.0 475.59 NOTE
r-devel-windows-x86_64 1.2.0 51.00 370.00 421.00 OK
r-patched-linux-x86_64 1.2.0 14.16 338.47 352.63 OK
r-release-linux-x86_64 1.2.0 9.30 343.58 352.88 OK
r-release-macos-arm64 1.2.0 97.00 NOTE
r-release-macos-x86_64 1.2.0 129.00 NOTE
r-release-windows-x86_64 1.2.0 54.00 357.00 411.00 OK
r-oldrel-macos-arm64 1.2.0 79.00 NOTE
r-oldrel-macos-x86_64 1.2.0 130.00 NOTE
r-oldrel-windows-ix86+x86_64 1.2.0 17.00 395.00 412.00 OK

Check Details

Version: 1.2.0
Check: dependencies in R code
Result: NOTE
    Namespaces in Imports field not imported from:
     ‘MASS’ ‘huge’
     All declared Imports should be used.
Flavors: r-devel-linux-x86_64-fedora-clang, r-devel-linux-x86_64-fedora-gcc, r-release-macos-arm64, r-release-macos-x86_64, r-oldrel-macos-arm64, r-oldrel-macos-x86_64