CRAN Package Check Results for Package shinyAce

Last updated on 2019-10-23 05:46:41 CEST.

Flavor Version Tinstall Tcheck Ttotal Status Flags
r-devel-linux-x86_64-debian-clang 0.4.1 3.87 39.58 43.45 OK
r-devel-linux-x86_64-debian-gcc 0.4.1 4.03 31.96 35.99 OK
r-devel-linux-x86_64-fedora-clang 0.4.1 53.80 NOTE
r-devel-linux-x86_64-fedora-gcc 0.4.1 52.71 OK
r-devel-windows-ix86+x86_64 0.4.1 21.00 72.00 93.00 NOTE
r-patched-linux-x86_64 0.4.1 4.48 38.94 43.42 OK
r-patched-solaris-x86 0.4.1 68.70 NOTE
r-release-linux-x86_64 0.4.1 4.52 39.53 44.05 OK
r-release-windows-ix86+x86_64 0.4.1 28.00 48.00 76.00 NOTE
r-release-osx-x86_64 0.4.1 NOTE
r-oldrel-windows-ix86+x86_64 0.4.1 25.00 74.00 99.00 NOTE
r-oldrel-osx-x86_64 0.4.1 NOTE

Check Details

Version: 0.4.1
Check: installed package size
Result: NOTE
     installed size is 8.2Mb
     sub-directories of 1Mb or more:
     www 7.7Mb
Flavors: r-devel-linux-x86_64-fedora-clang, r-devel-windows-ix86+x86_64, r-patched-solaris-x86, r-release-windows-ix86+x86_64, r-release-osx-x86_64, r-oldrel-windows-ix86+x86_64, r-oldrel-osx-x86_64