CRAN Package Check Results for Package shinyGizmo

Last updated on 2024-06-23 06:56:43 CEST.

Flavor Version Tinstall Tcheck Ttotal Status Flags
r-devel-linux-x86_64-debian-clang 0.4.2 4.83 41.19 46.02 NOTE
r-devel-linux-x86_64-debian-gcc 0.4.2 3.47 32.01 35.48 NOTE
r-devel-linux-x86_64-fedora-clang 0.4.2 57.51 NOTE
r-devel-linux-x86_64-fedora-gcc 0.4.2 55.02 NOTE
r-devel-windows-x86_64 0.4.2 6.00 55.00 61.00 NOTE
r-patched-linux-x86_64 0.4.2 5.24 39.36 44.60 NOTE
r-release-linux-x86_64 0.4.2 4.26 41.21 45.47 NOTE
r-release-macos-arm64 0.4.2 21.00 NOTE
r-release-macos-x86_64 0.4.2 33.00 NOTE
r-release-windows-x86_64 0.4.2 6.00 56.00 62.00 NOTE
r-oldrel-macos-arm64 0.4.2 24.00 OK
r-oldrel-macos-x86_64 0.4.2 30.00 OK
r-oldrel-windows-x86_64 0.4.2 6.00 62.00 68.00 OK

Check Details

Version: 0.4.2
Check: Rd files
Result: NOTE checkRd: (-1) js_calls.Rd:63: Lost braces in \itemize; meant \describe ? checkRd: (-1) js_calls.Rd:64: Lost braces in \itemize; meant \describe ? checkRd: (-1) js_calls.Rd:65-66: Lost braces in \itemize; meant \describe ? checkRd: (-1) js_calls.Rd:67: Lost braces in \itemize; meant \describe ? checkRd: (-1) js_calls.Rd:68: Lost braces in \itemize; meant \describe ? checkRd: (-1) js_calls.Rd:69: Lost braces in \itemize; meant \describe ? checkRd: (-1) pickCheckboxNamesAndLabels.Rd:14: Lost braces 14 | \item{choices}{link{pickCheckboxInput} choices list.} | ^ Flavors: r-devel-linux-x86_64-debian-clang, r-devel-linux-x86_64-debian-gcc, r-devel-linux-x86_64-fedora-clang, r-devel-linux-x86_64-fedora-gcc, r-devel-windows-x86_64, r-patched-linux-x86_64, r-release-linux-x86_64, r-release-macos-arm64, r-release-macos-x86_64, r-release-windows-x86_64