Last updated on 2023-02-09 05:54:23 CET.
Flavor | Version | Tinstall | Tcheck | Ttotal | Status | Flags |
---|---|---|---|---|---|---|
r-devel-linux-x86_64-debian-clang | 1.8.0 | 2.70 | 29.85 | 32.55 | NOTE | |
r-devel-linux-x86_64-debian-gcc | 1.8.0 | 2.17 | 22.87 | 25.04 | NOTE | |
r-devel-linux-x86_64-fedora-clang | 1.8.0 | 42.72 | NOTE | |||
r-devel-linux-x86_64-fedora-gcc | 1.8.0 | 40.80 | NOTE | |||
r-devel-windows-x86_64 | 1.8.0 | 290.00 | 56.00 | 346.00 | NOTE | |
r-patched-linux-x86_64 | 1.8.0 | 2.42 | 29.75 | 32.17 | NOTE | |
r-release-linux-x86_64 | 1.8.0 | 2.29 | 29.94 | 32.23 | NOTE | |
r-release-macos-arm64 | 1.8.0 | 20.00 | NOTE | |||
r-release-macos-x86_64 | 1.8.0 | 25.00 | NOTE | |||
r-release-windows-x86_64 | 1.8.0 | 568.00 | 64.00 | 632.00 | NOTE | |
r-oldrel-macos-arm64 | 1.8.0 | 18.00 | NOTE | |||
r-oldrel-macos-x86_64 | 1.8.0 | 24.00 | NOTE | |||
r-oldrel-windows-ix86+x86_64 | 1.8.0 | 10.00 | 53.00 | 63.00 | NOTE |
Version: 1.8.0
Check: package dependencies
Result: NOTE
Package suggested but not available for checking: ‘cmdstanr’
Flavors: r-devel-linux-x86_64-debian-clang, r-devel-linux-x86_64-debian-gcc, r-devel-linux-x86_64-fedora-clang, r-devel-linux-x86_64-fedora-gcc, r-devel-windows-x86_64, r-patched-linux-x86_64, r-release-linux-x86_64, r-release-macos-arm64, r-release-macos-x86_64, r-release-windows-x86_64, r-oldrel-macos-arm64, r-oldrel-macos-x86_64, r-oldrel-windows-ix86+x86_64