Last updated on 2023-01-28 05:56:34 CET.
Flavor | Version | Tinstall | Tcheck | Ttotal | Status | Flags |
---|---|---|---|---|---|---|
r-devel-linux-x86_64-debian-clang | 0.1.1 | 2.26 | 21.95 | 24.21 | OK | |
r-devel-linux-x86_64-debian-gcc | 0.1.1 | 2.05 | 17.52 | 19.57 | OK | |
r-devel-linux-x86_64-fedora-clang | 0.1.1 | 31.15 | NOTE | |||
r-devel-linux-x86_64-fedora-gcc | 0.1.1 | 29.90 | NOTE | |||
r-patched-linux-x86_64 | 0.1.1 | 1.71 | 21.66 | 23.37 | OK | |
r-release-linux-x86_64 | 0.1.1 | 1.95 | 22.43 | 24.38 | OK | |
r-release-macos-arm64 | 0.1.1 | 17.00 | NOTE | |||
r-release-macos-x86_64 | 0.1.1 | 24.00 | NOTE | |||
r-release-windows-x86_64 | 0.1.1 | 14.00 | 50.00 | 64.00 | OK | |
r-oldrel-macos-arm64 | 0.1.1 | 17.00 | NOTE | |||
r-oldrel-macos-x86_64 | 0.1.1 | 26.00 | NOTE | |||
r-oldrel-windows-ix86+x86_64 | 0.1.1 | 6.00 | 45.00 | 51.00 | OK |
Version: 0.1.1
Check: dependencies in R code
Result: NOTE
Namespace in Imports field not imported from: ‘reactable’
All declared Imports should be used.
Flavors: r-devel-linux-x86_64-fedora-clang, r-devel-linux-x86_64-fedora-gcc, r-release-macos-arm64, r-release-macos-x86_64, r-oldrel-macos-arm64, r-oldrel-macos-x86_64