CRAN Package Check Results for Package shinyfilter

Last updated on 2024-06-19 06:58:14 CEST.

Flavor Version Tinstall Tcheck Ttotal Status Flags
r-devel-linux-x86_64-debian-clang 0.1.1 3.21 22.51 25.72 OK
r-devel-linux-x86_64-debian-gcc 0.1.1 1.69 17.82 19.51 OK
r-devel-linux-x86_64-fedora-clang 0.1.1 32.38 NOTE
r-devel-linux-x86_64-fedora-gcc 0.1.1 30.50 NOTE
r-devel-windows-x86_64 0.1.1 4.00 39.00 43.00 OK
r-patched-linux-x86_64 0.1.1 2.22 22.58 24.80 OK
r-release-linux-x86_64 0.1.1 1.87 22.27 24.14 OK
r-release-macos-arm64 0.1.1 14.00 OK
r-release-macos-x86_64 0.1.1 22.00 OK
r-release-windows-x86_64 0.1.1 4.00 41.00 45.00 OK
r-oldrel-macos-arm64 0.1.1 16.00 OK
r-oldrel-macos-x86_64 0.1.1 20.00 OK
r-oldrel-windows-x86_64 0.1.1 4.00 39.00 43.00 OK

Check Details

Version: 0.1.1
Check: dependencies in R code
Result: NOTE Namespace in Imports field not imported from: ‘reactable’ All declared Imports should be used. Flavors: r-devel-linux-x86_64-fedora-clang, r-devel-linux-x86_64-fedora-gcc