CRAN Package Check Results for Package shinyjs

Last updated on 2024-07-23 07:07:28 CEST.

Flavor Version Tinstall Tcheck Ttotal Status Flags
r-devel-linux-x86_64-debian-clang 2.1.0 2.82 40.85 43.67 NOTE
r-devel-linux-x86_64-debian-gcc 2.1.0 2.25 31.08 33.33 NOTE
r-devel-linux-x86_64-fedora-gcc 2.1.0 66.31 NOTE
r-devel-windows-x86_64 2.1.0 6.00 60.00 66.00 NOTE
r-patched-linux-x86_64 2.1.0 3.22 38.79 42.01 NOTE
r-release-linux-x86_64 2.1.0 3.33 39.36 42.69 NOTE
r-release-macos-arm64 2.1.0 37.00 NOTE
r-release-macos-x86_64 2.1.0 53.00 NOTE
r-release-windows-x86_64 2.1.0 4.00 60.00 64.00 NOTE
r-oldrel-macos-arm64 2.1.0 35.00 OK
r-oldrel-macos-x86_64 2.1.0 46.00 OK
r-oldrel-windows-x86_64 2.1.0 5.00 59.00 64.00 OK

Check Details

Version: 2.1.0
Check: Rd files
Result: NOTE checkRd: (-1) shinyjs-defunct.Rd:18: Lost braces in \itemize; meant \describe ? checkRd: (-1) shinyjs-defunct.Rd:19: Lost braces in \itemize; meant \describe ? checkRd: (-1) shinyjs-defunct.Rd:20: Lost braces in \itemize; meant \describe ? Flavors: r-devel-linux-x86_64-debian-clang, r-devel-linux-x86_64-debian-gcc, r-devel-linux-x86_64-fedora-gcc, r-devel-windows-x86_64, r-patched-linux-x86_64, r-release-linux-x86_64, r-release-macos-arm64, r-release-macos-x86_64, r-release-windows-x86_64