CRAN Package Check Results for Package shinyr

Last updated on 2022-01-25 05:54:56 CET.

Flavor Version Tinstall Tcheck Ttotal Status Flags
r-devel-linux-x86_64-debian-clang 0.3.0 14.96 148.43 163.39 OK
r-devel-linux-x86_64-debian-gcc 0.3.0 13.77 119.16 132.93 OK
r-devel-linux-x86_64-fedora-clang 0.3.0 198.67 NOTE
r-devel-linux-x86_64-fedora-gcc 0.3.0 194.78 NOTE
r-devel-windows-x86_64-new-UL 0.3.0 74.00 193.00 267.00 OK
r-devel-windows-x86_64-new-TK 0.3.0 NOTE
r-patched-linux-x86_64 0.3.0 15.59 134.47 150.06 OK
r-release-linux-x86_64 0.3.0 11.79 133.41 145.20 OK
r-release-macos-arm64 0.3.0 NOTE
r-release-macos-x86_64 0.3.0 NOTE
r-release-windows-ix86+x86_64 0.3.0 38.00 167.00 205.00 OK
r-oldrel-macos-x86_64 0.3.0 NOTE
r-oldrel-windows-ix86+x86_64 0.3.0 38.00 173.00 211.00 OK

Check Details

Version: 0.3.0
Check: dependencies in R code
Result: NOTE
    Namespaces in Imports field not imported from:
     ‘e1071’ ‘knitr’
     All declared Imports should be used.
Flavors: r-devel-linux-x86_64-fedora-clang, r-devel-linux-x86_64-fedora-gcc, r-devel-windows-x86_64-new-TK, r-release-macos-arm64, r-release-macos-x86_64, r-oldrel-macos-x86_64