Last updated on 2023-01-31 06:01:18 CET.
Flavor | Version | Tinstall | Tcheck | Ttotal | Status | Flags |
---|---|---|---|---|---|---|
r-devel-linux-x86_64-debian-clang | 0.2.4 | 3.04 | 108.62 | 111.66 | OK | |
r-devel-linux-x86_64-debian-gcc | 0.2.4 | 2.36 | 78.38 | 80.74 | OK | |
r-devel-linux-x86_64-fedora-clang | 0.2.4 | 134.48 | NOTE | |||
r-devel-linux-x86_64-fedora-gcc | 0.2.4 | 157.80 | NOTE | |||
r-devel-windows-x86_64 | 0.2.4 | 12.00 | 154.00 | 166.00 | OK | |
r-patched-linux-x86_64 | 0.2.4 | 3.37 | 101.77 | 105.14 | OK | |
r-release-linux-x86_64 | 0.2.4 | 2.90 | 90.45 | 93.35 | OK | |
r-release-macos-arm64 | 0.2.4 | 35.00 | NOTE | |||
r-release-macos-x86_64 | 0.2.4 | 68.00 | NOTE | |||
r-release-windows-x86_64 | 0.2.4 | 7.00 | 141.00 | 148.00 | OK | |
r-oldrel-macos-arm64 | 0.2.4 | 54.00 | NOTE | |||
r-oldrel-macos-x86_64 | 0.2.4 | 70.00 | NOTE | |||
r-oldrel-windows-ix86+x86_64 | 0.2.4 | 8.00 | 135.00 | 143.00 | OK |
Version: 0.2.4
Check: dependencies in R code
Result: NOTE
Namespace in Imports field not imported from: ‘dplyr’
All declared Imports should be used.
Flavors: r-devel-linux-x86_64-fedora-clang, r-devel-linux-x86_64-fedora-gcc, r-release-macos-arm64, r-release-macos-x86_64, r-oldrel-macos-arm64, r-oldrel-macos-x86_64