CRAN Package Check Results for Package sicegar

Last updated on 2019-09-20 05:47:06 CEST.

Flavor Version Tinstall Tcheck Ttotal Status Flags
r-devel-linux-x86_64-debian-clang 0.2.3 2.90 93.88 96.78 OK
r-devel-linux-x86_64-debian-gcc 0.2.3 2.42 72.63 75.05 OK
r-devel-linux-x86_64-fedora-clang 0.2.3 116.32 NOTE
r-devel-linux-x86_64-fedora-gcc 0.2.3 114.05 NOTE
r-devel-windows-ix86+x86_64 0.2.3 16.00 98.00 114.00 OK
r-patched-linux-x86_64 0.2.3 3.16 92.37 95.53 OK
r-patched-solaris-x86 0.2.3 144.90 NOTE
r-release-linux-x86_64 0.2.3 3.17 94.24 97.41 OK
r-release-windows-ix86+x86_64 0.2.3 9.00 148.00 157.00 OK
r-release-osx-x86_64 0.2.3 NOTE
r-oldrel-windows-ix86+x86_64 0.2.3 5.00 86.00 91.00 OK
r-oldrel-osx-x86_64 0.2.3 NOTE

Check Details

Version: 0.2.3
Check: dependencies in R code
Result: NOTE
    Namespace in Imports field not imported from: ‘dplyr’
     All declared Imports should be used.
Flavors: r-devel-linux-x86_64-fedora-clang, r-devel-linux-x86_64-fedora-gcc, r-patched-solaris-x86, r-release-osx-x86_64, r-oldrel-osx-x86_64