CRAN Package Check Results for Package sicegar

Last updated on 2019-06-25 05:49:04 CEST.

Flavor Version Tinstall Tcheck Ttotal Status Flags
r-devel-linux-x86_64-debian-clang 0.2.2 2.84 93.91 96.75 OK
r-devel-linux-x86_64-debian-gcc 0.2.2 2.57 72.79 75.36 OK
r-devel-linux-x86_64-fedora-clang 0.2.2 115.49 NOTE
r-devel-linux-x86_64-fedora-gcc 0.2.2 110.15 NOTE
r-devel-windows-ix86+x86_64 0.2.2 13.00 111.00 124.00 OK
r-patched-linux-x86_64 0.2.2 2.40 94.02 96.42 OK
r-patched-solaris-x86 0.2.2 148.90 NOTE
r-release-linux-x86_64 0.2.2 3.41 94.78 98.19 OK
r-release-windows-ix86+x86_64 0.2.2 6.00 137.00 143.00 OK
r-release-osx-x86_64 0.2.2 NOTE
r-oldrel-windows-ix86+x86_64 0.2.2 4.00 99.00 103.00 OK
r-oldrel-osx-x86_64 0.2.2 NOTE

Check Details

Version: 0.2.2
Check: dependencies in R code
Result: NOTE
    Namespace in Imports field not imported from: ‘dplyr’
     All declared Imports should be used.
Flavors: r-devel-linux-x86_64-fedora-clang, r-devel-linux-x86_64-fedora-gcc, r-patched-solaris-x86, r-release-osx-x86_64, r-oldrel-osx-x86_64