CRAN Package Check Results for Package signal

Last updated on 2021-07-26 05:55:22 CEST.

Flavor Version Tinstall Tcheck Ttotal Status Flags
r-devel-linux-x86_64-debian-clang 0.7-7 6.64 43.50 50.14 OK
r-devel-linux-x86_64-debian-gcc 0.7-7 4.75 33.87 38.62 OK
r-devel-linux-x86_64-fedora-clang 0.7-7 69.73 NOTE
r-devel-windows-x86_64 0.7-7 11.00 51.00 62.00 OK
r-devel-windows-x86_64-gcc10-UCRT 0.7-7 OK
r-patched-linux-x86_64 0.7-7 6.97 41.72 48.69 OK
r-patched-solaris-x86 0.7-7 83.10 OK
r-release-linux-x86_64 0.7-7 6.06 41.78 47.84 OK
r-release-macos-arm64 0.7-7 OK
r-release-macos-x86_64 0.7-7 OK
r-release-windows-ix86+x86_64 0.7-7 14.00 60.00 74.00 OK
r-oldrel-macos-x86_64 0.7-7 OK
r-oldrel-windows-ix86+x86_64 0.7-7 12.00 73.00 85.00 OK

Check Details

Version: 0.7-7
Check: compiled code
Result: NOTE
    File ‘signal/libs/signal.so’:
     Found no calls to: ‘R_registerRoutines’, ‘R_useDynamicSymbols’
    
    It is good practice to register native routines and to disable symbol
    search.
    
    See ‘Writing portable packages’ in the ‘Writing R Extensions’ manual.
Flavor: r-devel-linux-x86_64-fedora-clang