CRAN Package Check Results for Package signal

Last updated on 2024-07-25 06:52:28 CEST.

Flavor Version Tinstall Tcheck Ttotal Status Flags
r-devel-linux-x86_64-debian-clang 1.8-1 6.93 49.49 56.42 OK
r-devel-linux-x86_64-debian-gcc 1.8-1 4.94 37.11 42.05 OK
r-devel-linux-x86_64-fedora-clang 1.8-1 75.04 NOTE
r-devel-linux-x86_64-fedora-gcc 1.8-1 67.90 NOTE
r-devel-windows-x86_64 1.8-1 10.00 76.00 86.00 OK
r-patched-linux-x86_64 1.8-1 8.34 47.53 55.87 OK
r-release-linux-x86_64 1.8-1 6.98 46.26 53.24 OK
r-release-macos-arm64 1.8-1 40.00 OK
r-release-macos-x86_64 1.8-1 96.00 OK
r-release-windows-x86_64 1.8-1 9.00 75.00 84.00 OK
r-oldrel-macos-arm64 1.8-1 47.00 OK
r-oldrel-macos-x86_64 1.8-1 80.00 OK
r-oldrel-windows-x86_64 1.8-1 11.00 78.00 89.00 OK

Check Details

Version: 1.8-1
Check: compiled code
Result: NOTE File ‘signal/libs/signal.so’: Found no calls to: ‘R_registerRoutines’, ‘R_useDynamicSymbols’ It is good practice to register native routines and to disable symbol search. See ‘Writing portable packages’ in the ‘Writing R Extensions’ manual. Flavors: r-devel-linux-x86_64-fedora-clang, r-devel-linux-x86_64-fedora-gcc