CRAN Package Check Results for Package simPop

Last updated on 2022-12-02 05:55:28 CET.

Flavor Version Tinstall Tcheck Ttotal Status Flags
r-devel-linux-x86_64-debian-clang 2.1.2 89.60 190.62 280.22 OK
r-devel-linux-x86_64-debian-gcc 2.1.2 67.40 139.80 207.20 OK
r-devel-linux-x86_64-fedora-clang 2.1.2 374.72 OK
r-devel-linux-x86_64-fedora-gcc 2.1.2 348.18 OK
r-devel-windows-x86_64 2.1.2 113.00 252.00 365.00 OK
r-patched-linux-x86_64 2.1.2 77.13 168.24 245.37 OK
r-release-linux-x86_64 2.1.2 77.77 174.25 252.02 OK
r-release-macos-arm64 2.1.2 94.00 NOTE
r-release-macos-x86_64 2.1.2 118.00 NOTE
r-release-windows-x86_64 2.1.2 107.00 244.00 351.00 OK
r-oldrel-macos-arm64 2.1.2 93.00 NOTE
r-oldrel-macos-x86_64 2.1.2 119.00 NOTE
r-oldrel-windows-ix86+x86_64 2.1.2 204.00 285.00 489.00 NOTE

Check Details

Version: 2.1.2
Check: installed package size
Result: NOTE
     installed size is 5.6Mb
     sub-directories of 1Mb or more:
     data 2.0Mb
     libs 2.6Mb
Flavors: r-release-macos-arm64, r-release-macos-x86_64, r-oldrel-macos-arm64, r-oldrel-macos-x86_64, r-oldrel-windows-ix86+x86_64