CRAN Package Check Results for Package simsalapar

Last updated on 2019-07-15 05:48:33 CEST.

Flavor Version Tinstall Tcheck Ttotal Status Flags
r-devel-linux-x86_64-debian-clang 1.0-10 4.48 34.76 39.24 NOTE --no-tests
r-devel-linux-x86_64-debian-gcc 1.0-10 4.22 28.41 32.63 NOTE --no-tests
r-devel-linux-x86_64-fedora-clang 1.0-10 49.81 NOTE --no-tests
r-devel-linux-x86_64-fedora-gcc 1.0-10 47.06 NOTE --no-tests
r-devel-windows-ix86+x86_64 1.0-10 9.00 106.00 115.00 OK
r-patched-linux-x86_64 1.0-10 4.26 34.99 39.25 OK --no-tests
r-patched-solaris-x86 1.0-10 249.70 OK
r-release-linux-x86_64 1.0-10 4.21 35.20 39.41 OK --no-tests
r-release-windows-ix86+x86_64 1.0-10 9.00 138.00 147.00 OK
r-release-osx-x86_64 1.0-10 NOTE
r-oldrel-windows-ix86+x86_64 1.0-10 10.00 89.00 99.00 OK
r-oldrel-osx-x86_64 1.0-10 NOTE

Check Details

Version: 1.0-10
Flags: --no-tests
Check: for non-standard things in the check directory
Result: NOTE
    Found the following files/directories:
     'crop_device.pdf'
Flavors: r-devel-linux-x86_64-debian-clang, r-devel-linux-x86_64-debian-gcc, r-devel-linux-x86_64-fedora-clang, r-devel-linux-x86_64-fedora-gcc

Version: 1.0-10
Check: package dependencies
Result: NOTE
    Package suggested but not available for checking: ‘Rmpi’
Flavors: r-release-osx-x86_64, r-oldrel-osx-x86_64

Version: 1.0-10
Check: Rd cross-references
Result: NOTE
    Package unavailable to check Rd xrefs: ‘Rmpi’
Flavors: r-release-osx-x86_64, r-oldrel-osx-x86_64