CRAN Package Check Results for Package simsalapar

Last updated on 2019-10-15 05:47:59 CEST.

Flavor Version Tinstall Tcheck Ttotal Status Flags
r-devel-linux-x86_64-debian-clang 1.0-10 5.40 34.62 40.02 NOTE --no-tests
r-devel-linux-x86_64-debian-gcc 1.0-10 4.29 27.76 32.05 NOTE --no-tests
r-devel-linux-x86_64-fedora-clang 1.0-10 52.51 NOTE --no-tests
r-devel-linux-x86_64-fedora-gcc 1.0-10 47.83 NOTE --no-tests
r-devel-windows-ix86+x86_64 1.0-10 20.00 138.00 158.00 OK
r-patched-linux-x86_64 1.0-10 5.17 34.13 39.30 OK --no-tests
r-patched-solaris-x86 1.0-10 248.90 OK
r-release-linux-x86_64 1.0-10 4.74 34.53 39.27 OK --no-tests
r-release-windows-ix86+x86_64 1.0-10 14.00 92.00 106.00 OK
r-release-osx-x86_64 1.0-10 NOTE
r-oldrel-windows-ix86+x86_64 1.0-10 8.00 82.00 90.00 OK
r-oldrel-osx-x86_64 1.0-10 NOTE

Check Details

Version: 1.0-10
Flags: --no-tests
Check: for non-standard things in the check directory
Result: NOTE
    Found the following files/directories:
     'crop_device.pdf'
Flavors: r-devel-linux-x86_64-debian-clang, r-devel-linux-x86_64-debian-gcc, r-devel-linux-x86_64-fedora-clang, r-devel-linux-x86_64-fedora-gcc

Version: 1.0-10
Check: package dependencies
Result: NOTE
    Package suggested but not available for checking: ‘Rmpi’
Flavors: r-release-osx-x86_64, r-oldrel-osx-x86_64

Version: 1.0-10
Check: Rd cross-references
Result: NOTE
    Package unavailable to check Rd xrefs: ‘Rmpi’
Flavors: r-release-osx-x86_64, r-oldrel-osx-x86_64