CRAN Package Check Results for Package simsalapar

Last updated on 2022-09-24 05:51:15 CEST.

Flavor Version Tinstall Tcheck Ttotal Status Flags
r-devel-linux-x86_64-debian-clang 1.0-11 5.04 93.94 98.98 OK
r-devel-linux-x86_64-debian-gcc 1.0-11 4.85 71.87 76.72 OK
r-devel-linux-x86_64-fedora-clang 1.0-11 130.21 OK
r-devel-linux-x86_64-fedora-gcc 1.0-11 129.54 OK
r-devel-windows-x86_64 1.0-11 40.00 148.00 188.00 OK
r-patched-linux-x86_64 1.0-11 8.92 88.44 97.36 OK
r-release-linux-x86_64 1.0-11 4.97 87.31 92.28 OK
r-release-macos-arm64 1.0-11 57.00 NOTE
r-release-macos-x86_64 1.0-11 77.00 NOTE
r-release-windows-x86_64 1.0-11 66.00 144.00 210.00 OK
r-oldrel-macos-arm64 1.0-11 58.00 NOTE
r-oldrel-macos-x86_64 1.0-11 78.00 NOTE
r-oldrel-windows-ix86+x86_64 1.0-11 14.00 153.00 167.00 OK

Check Details

Version: 1.0-11
Check: package dependencies
Result: NOTE
    Package suggested but not available for checking: ‘Rmpi’
Flavors: r-release-macos-arm64, r-release-macos-x86_64, r-oldrel-macos-arm64, r-oldrel-macos-x86_64

Version: 1.0-11
Check: Rd cross-references
Result: NOTE
    Package unavailable to check Rd xrefs: ‘Rmpi’
Flavors: r-release-macos-arm64, r-release-macos-x86_64, r-oldrel-macos-arm64, r-oldrel-macos-x86_64