Last updated on 2023-10-01 06:53:20 CEST.
Flavor | Version | Tinstall | Tcheck | Ttotal | Status | Flags |
---|---|---|---|---|---|---|
r-devel-linux-x86_64-debian-clang | 1.0-12 | 5.76 | 88.64 | 94.40 | OK | |
r-devel-linux-x86_64-debian-gcc | 1.0-12 | 4.64 | 67.06 | 71.70 | OK | |
r-devel-linux-x86_64-fedora-clang | 1.0-12 | 120.00 | OK | |||
r-devel-linux-x86_64-fedora-gcc | 1.0-12 | 118.77 | OK | |||
r-devel-windows-x86_64 | 1.0-12 | 6.00 | 103.00 | 109.00 | OK | |
r-patched-linux-x86_64 | 1.0-12 | 8.31 | 81.77 | 90.08 | OK | |
r-release-linux-x86_64 | 1.0-12 | 6.03 | 90.78 | 96.81 | OK | |
r-release-macos-arm64 | 1.0-12 | 66.00 | NOTE | |||
r-release-macos-x86_64 | 1.0-12 | 127.00 | NOTE | |||
r-release-windows-x86_64 | 1.0-12 | 7.00 | 126.00 | 133.00 | OK | |
r-oldrel-macos-arm64 | 1.0-12 | 64.00 | NOTE | |||
r-oldrel-macos-x86_64 | 1.0-12 | 81.00 | NOTE | |||
r-oldrel-windows-x86_64 | 1.0-12 | 10.00 | 131.00 | 141.00 | OK |
Version: 1.0-12
Check: package dependencies
Result: NOTE
Package suggested but not available for checking: ‘Rmpi’
Flavors: r-release-macos-arm64, r-release-macos-x86_64, r-oldrel-macos-arm64, r-oldrel-macos-x86_64
Version: 1.0-12
Check: Rd cross-references
Result: NOTE
Package unavailable to check Rd xrefs: ‘Rmpi’
Flavors: r-release-macos-arm64, r-release-macos-x86_64, r-oldrel-macos-arm64, r-oldrel-macos-x86_64