CRAN Package Check Results for Package simts

Last updated on 2021-01-18 05:47:39 CET.

Flavor Version Tinstall Tcheck Ttotal Status Flags
r-devel-linux-x86_64-debian-clang 0.1.1 518.25 125.01 643.26 OK
r-devel-linux-x86_64-debian-gcc 0.1.1 308.43 92.95 401.38 OK
r-devel-linux-x86_64-fedora-clang 0.1.1 900.26 NOTE
r-devel-linux-x86_64-fedora-gcc 0.1.1 801.13 OK
r-devel-windows-ix86+x86_64 0.1.1 851.00 193.00 1044.00 NOTE
r-patched-linux-x86_64 0.1.1 398.46 118.21 516.67 OK
r-patched-solaris-x86 0.1.1 637.60 OK
r-release-linux-x86_64 0.1.1 397.16 117.44 514.60 OK
r-release-macos-x86_64 0.1.1 NOTE
r-release-windows-ix86+x86_64 0.1.1 949.00 178.00 1127.00 NOTE
r-oldrel-macos-x86_64 0.1.1 NOTE
r-oldrel-windows-ix86+x86_64 0.1.1 1029.00 158.00 1187.00 NOTE

Check Details

Version: 0.1.1
Check: installed package size
Result: NOTE
     installed size is 25.5Mb
     sub-directories of 1Mb or more:
     doc 2.1Mb
     libs 22.4Mb
Flavors: r-devel-linux-x86_64-fedora-clang, r-devel-windows-ix86+x86_64, r-release-macos-x86_64, r-release-windows-ix86+x86_64, r-oldrel-macos-x86_64, r-oldrel-windows-ix86+x86_64