CRAN Package Check Results for Package sistec

Last updated on 2024-06-15 06:49:57 CEST.

Flavor Version Tinstall Tcheck Ttotal Status Flags
r-devel-linux-x86_64-debian-clang 0.2.0 9.03 61.87 70.90 NOTE
r-devel-linux-x86_64-debian-gcc 0.2.0 6.60 46.03 52.63 NOTE
r-devel-linux-x86_64-fedora-clang 0.2.0 88.79 NOTE
r-devel-linux-x86_64-fedora-gcc 0.2.0 85.27 NOTE
r-devel-windows-x86_64 0.2.0 9.00 64.00 73.00 NOTE
r-patched-linux-x86_64 0.2.0 7.94 60.68 68.62 NOTE
r-release-linux-x86_64 0.2.0 7.88 59.03 66.91 NOTE
r-release-macos-arm64 0.2.0 29.00 NOTE
r-release-macos-x86_64 0.2.0 49.00 NOTE
r-release-windows-x86_64 0.2.0 10.00 71.00 81.00 NOTE
r-oldrel-macos-arm64 0.2.0 32.00 NOTE
r-oldrel-macos-x86_64 0.2.0 49.00 NOTE
r-oldrel-windows-x86_64 0.2.0 10.00 75.00 85.00 NOTE

Check Details

Version: 0.2.0
Check: LazyData
Result: NOTE 'LazyData' is specified without a 'data' directory Flavors: r-devel-linux-x86_64-debian-clang, r-devel-linux-x86_64-debian-gcc, r-devel-linux-x86_64-fedora-clang, r-devel-linux-x86_64-fedora-gcc, r-devel-windows-x86_64, r-patched-linux-x86_64, r-release-linux-x86_64, r-release-macos-arm64, r-release-macos-x86_64, r-release-windows-x86_64, r-oldrel-macos-arm64, r-oldrel-macos-x86_64, r-oldrel-windows-x86_64

Version: 0.2.0
Check: dependencies in R code
Result: NOTE Namespace in Imports field not imported from: ‘stringi’ All declared Imports should be used. Flavors: r-devel-linux-x86_64-fedora-clang, r-devel-linux-x86_64-fedora-gcc