CRAN Package Check Results for Package sivs

Last updated on 2022-01-25 05:54:57 CET.

Flavor Version Tinstall Tcheck Ttotal Status Flags
r-devel-linux-x86_64-debian-clang 0.2.5 7.76 128.46 136.22 OK
r-devel-linux-x86_64-debian-gcc 0.2.5 7.49 102.47 109.96 OK
r-devel-linux-x86_64-fedora-clang 0.2.5 166.91 OK
r-devel-linux-x86_64-fedora-gcc 0.2.5 161.11 OK
r-devel-windows-x86_64-new-UL 0.2.5 22.00 161.00 183.00 OK
r-devel-windows-x86_64-new-TK 0.2.5 OK
r-patched-linux-x86_64 0.2.5 8.21 126.32 134.53 OK
r-release-linux-x86_64 0.2.5 7.24 126.51 133.75 OK
r-release-macos-arm64 0.2.5 OK
r-release-macos-x86_64 0.2.5 OK
r-release-windows-ix86+x86_64 0.2.5 18.00 157.00 175.00 OK
r-oldrel-macos-x86_64 0.2.5 OK
r-oldrel-windows-ix86+x86_64 0.2.5 19.00 146.00 165.00 WARN

Check Details

Version: 0.2.5
Check: re-building of vignette outputs
Result: WARN
    Error(s) in re-building vignettes:
    --- re-building 'vignette_simple_usage.Rmd' using knitr
    Quitting from lines 7-14 (vignette_simple_usage.Rmd)
    Error: processing vignette 'vignette_simple_usage.Rmd' failed with diagnostics:
    cannot open the connection
    --- failed re-building 'vignette_simple_usage.Rmd'
    
    SUMMARY: processing the following file failed:
     'vignette_simple_usage.Rmd'
    
    Error: Vignette re-building failed.
    Execution halted
Flavor: r-oldrel-windows-ix86+x86_64