CRAN Package Check Results for Package sizeMat

Last updated on 2020-06-04 05:49:15 CEST.

Flavor Version Tinstall Tcheck Ttotal Status Flags
r-devel-linux-x86_64-debian-clang 1.1.1 8.72 100.09 108.81 WARN
r-devel-linux-x86_64-debian-gcc 1.1.1 7.28 79.42 86.70 WARN
r-devel-linux-x86_64-fedora-clang 1.1.2 81.35 OK
r-devel-linux-x86_64-fedora-gcc 1.1.2 76.43 OK
r-devel-windows-ix86+x86_64 1.1.1 25.00 141.00 166.00 WARN
r-patched-linux-x86_64 1.1.1 7.85 101.29 109.14 OK
r-patched-solaris-x86 1.1.1 202.50 OK
r-release-linux-x86_64 1.1.1 7.74 100.32 108.06 OK
r-release-osx-x86_64 1.1.1 OK
r-release-windows-ix86+x86_64 1.1.1 19.00 143.00 162.00 OK
r-oldrel-osx-x86_64 1.1.1 OK
r-oldrel-windows-ix86+x86_64 1.1.1 22.00 105.00 127.00 OK

Check Details

Version: 1.1.1
Check: whether the namespace can be loaded with stated dependencies
Result: WARN
    Warning: S4 exports specified in 'NAMESPACE' but not defined in package 'sizeMat'
Flavors: r-devel-linux-x86_64-debian-clang, r-devel-linux-x86_64-debian-gcc, r-devel-windows-ix86+x86_64