CRAN Package Check Results for Package skmeans

Last updated on 2021-03-02 05:47:54 CET.

Flavor Version Tinstall Tcheck Ttotal Status Flags
r-devel-linux-x86_64-debian-clang 0.2-13 NOTE
r-devel-linux-x86_64-debian-gcc 0.2-13 2.28 28.33 30.61 NOTE
r-devel-linux-x86_64-fedora-clang 0.2-13 59.41 NOTE
r-devel-linux-x86_64-fedora-gcc 0.2-13 46.73 NOTE
r-devel-windows-ix86+x86_64 0.2-13 6.00 41.00 47.00 NOTE
r-patched-linux-x86_64 0.2-13 3.01 34.97 37.98 NOTE
r-patched-solaris-x86 0.2-13 72.00 NOTE
r-release-linux-x86_64 0.2-13 3.24 34.47 37.71 NOTE
r-release-macos-x86_64 0.2-13 NOTE
r-release-windows-ix86+x86_64 0.2-13 6.00 54.00 60.00 NOTE
r-oldrel-macos-x86_64 0.2-13 NOTE
r-oldrel-windows-ix86+x86_64 0.2-13 6.00 49.00 55.00 NOTE

Check Details

Version: 0.2-13
Check: package dependencies
Result: NOTE
    Package which this enhances but not available for checking: 'kmndirs'
Flavors: r-devel-linux-x86_64-debian-clang, r-devel-linux-x86_64-debian-gcc, r-devel-linux-x86_64-fedora-clang, r-devel-linux-x86_64-fedora-gcc, r-devel-windows-ix86+x86_64, r-patched-linux-x86_64, r-patched-solaris-x86, r-release-linux-x86_64, r-release-macos-x86_64, r-release-windows-ix86+x86_64, r-oldrel-macos-x86_64, r-oldrel-windows-ix86+x86_64

Version: 0.2-13
Check: dependencies in R code
Result: NOTE
    Unavailable namespace imported from by a ':::' call: 'kmndirs'
     See the note in ?`:::` about the use of this operator.
Flavors: r-devel-linux-x86_64-debian-clang, r-devel-linux-x86_64-debian-gcc, r-devel-linux-x86_64-fedora-clang, r-devel-linux-x86_64-fedora-gcc, r-devel-windows-ix86+x86_64, r-patched-linux-x86_64, r-patched-solaris-x86, r-release-linux-x86_64, r-release-macos-x86_64, r-release-windows-ix86+x86_64, r-oldrel-macos-x86_64, r-oldrel-windows-ix86+x86_64