CRAN Package Check Results for Package slfm

Last updated on 2019-10-15 05:47:59 CEST.

Flavor Version Tinstall Tcheck Ttotal Status Flags
r-devel-linux-x86_64-debian-clang 1.0.0 50.90 26.68 77.58 WARN
r-devel-linux-x86_64-debian-gcc 1.0.0 36.05 21.60 57.65 WARN
r-devel-linux-x86_64-fedora-clang 1.0.0 121.29 WARN
r-devel-linux-x86_64-fedora-gcc 1.0.0 108.30 WARN
r-devel-windows-ix86+x86_64 1.0.0 93.00 73.00 166.00 WARN
r-patched-linux-x86_64 1.0.0 41.45 26.42 67.87 OK
r-patched-solaris-x86 1.0.0 111.00 OK
r-release-linux-x86_64 1.0.0 42.63 26.53 69.16 OK
r-release-windows-ix86+x86_64 1.0.0 127.00 55.00 182.00 OK
r-release-osx-x86_64 1.0.0 OK
r-oldrel-windows-ix86+x86_64 1.0.0 85.00 54.00 139.00 OK
r-oldrel-osx-x86_64 1.0.0 OK

Check Details

Version: 1.0.0
Check: whether package can be installed
Result: WARN
    Found the following significant warnings:
     slfm_MDN.cpp:26:38: warning: expression result unused [-Wunused-value]
     slfm_MNN.cpp:26:38: warning: expression result unused [-Wunused-value]
Flavors: r-devel-linux-x86_64-debian-clang, r-devel-linux-x86_64-fedora-clang

Version: 1.0.0
Check: whether package can be installed
Result: WARN
    Found the following significant warnings:
     slfm_MDN.cpp:26:38: warning: left operand of comma operator has no effect [-Wunused-value]
     slfm_MNN.cpp:26:38: warning: left operand of comma operator has no effect [-Wunused-value]
Flavors: r-devel-linux-x86_64-debian-gcc, r-devel-linux-x86_64-fedora-gcc

Version: 1.0.0
Check: whether package can be installed
Result: WARN
    Found the following significant warnings:
     slfm_MDN.cpp:26:40: warning: left operand of comma operator has no effect [-Wunused-value]
     slfm_MNN.cpp:26:40: warning: left operand of comma operator has no effect [-Wunused-value]
Flavor: r-devel-windows-ix86+x86_64