CRAN Package Check Results for Package sloop

Last updated on 2020-07-15 05:48:23 CEST.

Flavor Version Tinstall Tcheck Ttotal Status Flags
r-devel-linux-x86_64-debian-clang 1.0.1 2.49 26.73 29.22 OK
r-devel-linux-x86_64-debian-gcc 1.0.1 1.93 21.13 23.06 OK
r-devel-linux-x86_64-fedora-clang 1.0.1 45.41 OK
r-devel-linux-x86_64-fedora-gcc 1.0.1 38.74 OK
r-devel-windows-ix86+x86_64 1.0.1 14.00 37.00 51.00 OK
r-patched-linux-x86_64 1.0.1 2.39 26.91 29.30 OK
r-patched-solaris-x86 1.0.1 56.40 OK
r-release-linux-x86_64 1.0.1 2.22 26.43 28.65 OK
r-release-macos-x86_64 1.0.1 ERROR
r-release-windows-ix86+x86_64 1.0.1 8.00 50.00 58.00 OK
r-oldrel-macos-x86_64 1.0.1 OK
r-oldrel-windows-ix86+x86_64 1.0.1 7.00 56.00 63.00 OK

Check Details

Version: 1.0.1
Check: whether package can be installed
Result: ERROR
    Installation failed.
Flavor: r-release-macos-x86_64