Last updated on 2022-05-19 05:52:05 CEST.
Flavor | Version | Tinstall | Tcheck | Ttotal | Status | Flags |
---|---|---|---|---|---|---|
r-devel-linux-x86_64-debian-clang | 0.3-0 | 0.81 | 13.01 | 13.82 | ERROR | |
r-devel-linux-x86_64-debian-gcc | 0.3-0 | 0.57 | 9.78 | 10.35 | ERROR | |
r-devel-linux-x86_64-fedora-clang | 0.3-0 | 15.54 | ERROR | |||
r-devel-linux-x86_64-fedora-gcc | 0.3-0 | 15.99 | ERROR | |||
r-devel-windows-x86_64 | 0.3-0 | 13.00 | 6.00 | 19.00 | ERROR | |
r-patched-linux-x86_64 | 0.3-0 | 3.50 | 35.15 | 38.65 | OK | |
r-release-linux-x86_64 | 0.3-0 | 2.83 | 34.80 | 37.63 | OK | |
r-release-macos-arm64 | 0.3-0 | 18.00 | OK | |||
r-release-macos-x86_64 | 0.3-0 | 25.00 | OK | |||
r-release-windows-x86_64 | 0.3-0 | 21.00 | 55.00 | 76.00 | OK | |
r-oldrel-macos-arm64 | 0.3-0 | 24.00 | OK | |||
r-oldrel-macos-x86_64 | 0.3-0 | 31.00 | OK | |||
r-oldrel-windows-ix86+x86_64 | 0.3-0 | 11.00 | 57.00 | 68.00 | OK |
Version: 0.3-0
Check: package dependencies
Result: NOTE
Package suggested but not available for checking: 'hitandrun'
Flavors: r-devel-linux-x86_64-debian-clang, r-devel-linux-x86_64-debian-gcc, r-devel-linux-x86_64-fedora-clang, r-devel-linux-x86_64-fedora-gcc
Version: 0.3-0
Check: whether package can be installed
Result: ERROR
Installation failed.
Flavors: r-devel-linux-x86_64-debian-clang, r-devel-linux-x86_64-debian-gcc, r-devel-linux-x86_64-fedora-clang, r-devel-linux-x86_64-fedora-gcc, r-devel-windows-x86_64