CRAN Package Check Results for Package smacof

Last updated on 2019-12-07 05:47:49 CET.

Flavor Version Tinstall Tcheck Ttotal Status Flags
r-devel-linux-x86_64-debian-clang 2.0-0 19.35 395.54 414.89 OK
r-devel-linux-x86_64-debian-gcc 2.0-0 18.01 285.08 303.09 OK
r-devel-linux-x86_64-fedora-clang 2.0-0 490.03 NOTE
r-devel-linux-x86_64-fedora-gcc 2.0-0 487.40 NOTE
r-devel-windows-ix86+x86_64 2.0-0 51.00 594.00 645.00 OK
r-devel-windows-ix86+x86_64-gcc8 2.0-0 74.00 619.00 693.00 OK
r-patched-linux-x86_64 2.0-0 19.20 350.43 369.63 OK
r-patched-solaris-x86 2.0-0 566.90 NOTE
r-release-linux-x86_64 2.0-0 16.05 351.64 367.69 OK
r-release-windows-ix86+x86_64 2.0-0 53.00 432.00 485.00 OK
r-release-osx-x86_64 2.0-0 NOTE
r-oldrel-windows-ix86+x86_64 2.0-0 31.00 524.00 555.00 OK
r-oldrel-osx-x86_64 2.0-0 NOTE

Check Details

Version: 2.0-0
Check: data for non-ASCII characters
Result: NOTE
     Note: found 15 marked Latin-1 strings
     Note: found 2 marked UTF-8 strings
Flavors: r-devel-linux-x86_64-fedora-clang, r-devel-linux-x86_64-fedora-gcc, r-patched-solaris-x86, r-release-osx-x86_64, r-oldrel-osx-x86_64