CRAN Package Check Results for Package smbinning

Last updated on 2020-10-28 05:48:46 CET.

Flavor Version Tinstall Tcheck Ttotal Status Flags
r-devel-linux-x86_64-debian-clang 0.9 13.36 137.43 150.79 OK
r-devel-linux-x86_64-debian-gcc 0.9 10.54 102.28 112.82 OK
r-devel-linux-x86_64-fedora-clang 0.9 197.62 OK
r-devel-linux-x86_64-fedora-gcc 0.9 190.43 OK
r-devel-windows-ix86+x86_64 0.9 26.00 116.00 142.00 OK
r-patched-linux-x86_64 0.9 OK
r-patched-solaris-x86 0.9 263.80 OK
r-release-linux-x86_64 0.9 14.55 128.97 143.52 OK
r-release-macos-x86_64 0.9 OK
r-release-windows-ix86+x86_64 0.9 19.00 106.00 125.00 OK
r-oldrel-macos-x86_64 0.9 FAIL
r-oldrel-windows-ix86+x86_64 0.9 21.00 143.00 164.00 OK

Check Details

Version: 0.9
Check: R code for possible problems
Result: FAIL
Flavor: r-oldrel-macos-x86_64