CRAN Package Check Results for Package smbinning

Last updated on 2020-04-09 05:48:51 CEST.

Flavor Version Tinstall Tcheck Ttotal Status Flags
r-devel-linux-x86_64-debian-clang 0.9 14.29 126.34 140.63 OK
r-devel-linux-x86_64-debian-gcc 0.9 10.97 98.45 109.42 OK
r-devel-linux-x86_64-fedora-clang 0.9 177.41 OK
r-devel-linux-x86_64-fedora-gcc 0.9 175.74 OK
r-devel-windows-ix86+x86_64 0.9 24.00 167.00 191.00 OK
r-devel-windows-ix86+x86_64-gcc8 0.9 22.00 117.00 139.00 OK
r-patched-linux-x86_64 0.9 13.37 124.28 137.65 OK
r-patched-solaris-x86 0.9 271.80 OK
r-release-linux-x86_64 0.9 12.12 115.42 127.54 OK
r-release-windows-ix86+x86_64 0.9 22.00 163.00 185.00 OK
r-release-osx-x86_64 0.9 FAIL
r-oldrel-windows-ix86+x86_64 0.9 20.00 114.00 134.00 OK
r-oldrel-osx-x86_64 0.9 OK

Check Details

Version: 0.9
Check: R code for possible problems
Result: FAIL
Flavor: r-release-osx-x86_64