Last updated on 2023-12-11 05:52:08 CET.
Flavor | Version | Tinstall | Tcheck | Ttotal | Status | Flags |
---|---|---|---|---|---|---|
r-devel-linux-x86_64-debian-clang | 1.7.1 | 7.07 | 144.68 | 151.75 | OK | |
r-devel-linux-x86_64-debian-gcc | 1.7.1 | 7.12 | 108.39 | 115.51 | OK | |
r-devel-linux-x86_64-fedora-clang | 1.7.1 | 189.96 | NOTE | |||
r-devel-linux-x86_64-fedora-gcc | 1.7.1 | 208.00 | OK | |||
r-devel-windows-x86_64 | 1.7.1 | 9.00 | 121.00 | 130.00 | OK | |
r-patched-linux-x86_64 | 1.7.1 | 11.08 | 141.46 | 152.54 | OK | |
r-release-linux-x86_64 | 1.7.1 | 11.61 | 146.36 | 157.97 | OK | |
r-release-macos-arm64 | 1.7.1 | 70.00 | OK | |||
r-release-macos-x86_64 | 1.7.1 | 107.00 | OK | |||
r-release-windows-x86_64 | 1.7.1 | 12.00 | 146.00 | 158.00 | OK | |
r-oldrel-macos-arm64 | 1.7.1 | 57.00 | OK | |||
r-oldrel-macos-x86_64 | 1.7.1 | 74.00 | OK | |||
r-oldrel-windows-x86_64 | 1.7.1 | 12.00 | 152.00 | 164.00 | OK |
Version: 1.7.1
Check: Rd cross-references
Result: NOTE
Undeclared package ‘mice’ in Rd xrefs
Flavor: r-devel-linux-x86_64-fedora-clang