Last updated on 2021-01-22 05:50:41 CET.
Flavor | Version | Tinstall | Tcheck | Ttotal | Status | Flags |
---|---|---|---|---|---|---|
r-devel-linux-x86_64-debian-clang | 2.1.0 | 62.50 | 68.23 | 130.73 | OK | |
r-devel-linux-x86_64-debian-gcc | 2.1.0 | 43.54 | 50.08 | 93.62 | OK | |
r-devel-linux-x86_64-fedora-clang | 2.1.0 | 183.30 | NOTE | |||
r-devel-linux-x86_64-fedora-gcc | 2.1.0 | 164.45 | NOTE | |||
r-devel-windows-ix86+x86_64 | 2.1.0 | 150.00 | 94.00 | 244.00 | OK | |
r-patched-linux-x86_64 | 2.1.0 | 53.93 | 62.76 | 116.69 | OK | |
r-patched-solaris-x86 | 2.1.0 | 163.80 | NOTE | |||
r-release-linux-x86_64 | 2.1.0 | 48.69 | 62.69 | 111.38 | OK | |
r-release-macos-x86_64 | 2.1.0 | NOTE | ||||
r-release-windows-ix86+x86_64 | 2.1.0 | 138.00 | 137.00 | 275.00 | OK | |
r-oldrel-macos-x86_64 | 2.1.0 | NOTE | ||||
r-oldrel-windows-ix86+x86_64 | 2.1.0 | 95.00 | 95.00 | 190.00 | OK |
Version: 2.1.0
Check: dependencies in R code
Result: NOTE
Namespaces in Imports field not imported from:
‘Rdpack’ ‘rmarkdown’
All declared Imports should be used.
Flavors: r-devel-linux-x86_64-fedora-clang, r-devel-linux-x86_64-fedora-gcc, r-patched-solaris-x86, r-release-macos-x86_64, r-oldrel-macos-x86_64