CRAN Package Check Results for Package smoke

Last updated on 2021-09-21 05:51:36 CEST.

Flavor Version Tinstall Tcheck Ttotal Status Flags
r-devel-linux-x86_64-debian-clang 2.0.0 6.21 34.02 40.23 OK
r-devel-linux-x86_64-debian-gcc 2.0.0 4.49 27.10 31.59 OK
r-devel-linux-x86_64-fedora-clang 2.0.0 55.71 OK
r-devel-linux-x86_64-fedora-gcc 2.0.0 45.75 OK
r-devel-windows-x86_64 2.0.0 6.00 39.00 45.00 OK
r-devel-windows-x86_64-gcc10-UCRT 2.0.0 ERROR
r-patched-linux-x86_64 2.0.0 6.00 33.72 39.72 OK
r-patched-solaris-x86 2.0.0 71.20 OK
r-release-linux-x86_64 2.0.0 5.91 33.91 39.82 OK
r-release-macos-arm64 2.0.0 OK
r-release-macos-x86_64 2.0.0 OK
r-release-windows-ix86+x86_64 2.0.0 11.00 38.00 49.00 OK
r-oldrel-macos-x86_64 2.0.0 OK
r-oldrel-windows-ix86+x86_64 2.0.0 10.00 41.00 51.00 OK

Check Details

Version: 2.0.0
Check: whether package can be installed
Result: WARN
    Found the following significant warnings:
     WARNING: installation-time patches will not be applied, could not get the patches index
Flavor: r-devel-windows-x86_64-gcc10-UCRT

Version: 2.0.0
Check: PDF version of manual
Result: WARN
    LaTeX errors when creating PDF version.
    This typically indicates Rd problems.
Flavor: r-devel-windows-x86_64-gcc10-UCRT

Version: 2.0.0
Check: PDF version of manual without hyperrefs or index
Result: ERROR
    Re-running with no redirection of stdout/stderr.
Flavor: r-devel-windows-x86_64-gcc10-UCRT