CRAN Package Check Results for Package smoothAPC

Last updated on 2021-09-27 05:51:38 CEST.

Flavor Version Tinstall Tcheck Ttotal Status Flags
r-devel-linux-x86_64-debian-clang 0.3 10.19 121.97 132.16 NOTE
r-devel-linux-x86_64-debian-gcc 0.3 7.48 94.40 101.88 NOTE
r-devel-linux-x86_64-fedora-clang 0.3 167.72 NOTE
r-devel-linux-x86_64-fedora-gcc 0.3 151.28 NOTE
r-devel-windows-x86_64 0.3 12.00 109.00 121.00 NOTE
r-devel-windows-x86_64-gcc10-UCRT 0.3 NOTE
r-patched-linux-x86_64 0.3 10.59 119.97 130.56 NOTE
r-patched-solaris-x86 0.3 228.00 NOTE
r-release-linux-x86_64 0.3 10.41 118.59 129.00 NOTE
r-release-macos-arm64 0.3 NOTE
r-release-macos-x86_64 0.3 NOTE
r-release-windows-ix86+x86_64 0.3 23.00 103.00 126.00 NOTE
r-oldrel-macos-x86_64 0.3 NOTE
r-oldrel-windows-ix86+x86_64 0.3 20.00 106.00 126.00 OK

Check Details

Version: 0.3
Check: LazyData
Result: NOTE
     'LazyData' is specified without a 'data' directory
Flavors: r-devel-linux-x86_64-debian-clang, r-devel-linux-x86_64-debian-gcc, r-devel-linux-x86_64-fedora-clang, r-devel-linux-x86_64-fedora-gcc, r-devel-windows-x86_64, r-devel-windows-x86_64-gcc10-UCRT, r-patched-linux-x86_64, r-patched-solaris-x86, r-release-linux-x86_64, r-release-macos-arm64, r-release-macos-x86_64, r-release-windows-ix86+x86_64

Version: 0.3
Check: dependencies in R code
Result: NOTE
    Namespaces in Imports field not imported from:
     ‘compiler’ ‘lmtest’
     All declared Imports should be used.
Flavors: r-devel-linux-x86_64-fedora-clang, r-devel-linux-x86_64-fedora-gcc, r-devel-windows-x86_64-gcc10-UCRT, r-patched-solaris-x86, r-release-macos-arm64, r-release-macos-x86_64, r-oldrel-macos-x86_64