CRAN Package Check Results for Package snipEM

Last updated on 2021-01-15 05:49:05 CET.

Flavor Version Tinstall Tcheck Ttotal Status Flags
r-devel-linux-x86_64-debian-clang 1.0.1 39.07 64.64 103.71 OK
r-devel-linux-x86_64-debian-gcc 1.0.1 24.30 45.55 69.85 OK
r-devel-linux-x86_64-fedora-clang 1.0.1 143.88 NOTE
r-devel-linux-x86_64-fedora-gcc 1.0.1 123.44 NOTE
r-devel-windows-ix86+x86_64 1.0.1 68.00 141.00 209.00 OK
r-patched-linux-x86_64 1.0.1 28.51 64.90 93.41 OK
r-patched-solaris-x86 1.0.1 135.30 OK
r-release-linux-x86_64 1.0.1 28.68 65.00 93.68 OK
r-release-macos-x86_64 1.0.1 OK
r-release-windows-ix86+x86_64 1.0.1 88.00 118.00 206.00 OK
r-oldrel-macos-x86_64 1.0.1 OK
r-oldrel-windows-ix86+x86_64 1.0.1 59.00 89.00 148.00 OK

Check Details

Version: 1.0.1
Check: compiled code
Result: NOTE
    File ‘snipEM/libs/snipEM.so’:
     Found no calls to: ‘R_registerRoutines’, ‘R_useDynamicSymbols’
    
    It is good practice to register native routines and to disable symbol
    search.
    
    See ‘Writing portable packages’ in the ‘Writing R Extensions’ manual.
Flavors: r-devel-linux-x86_64-fedora-clang, r-devel-linux-x86_64-fedora-gcc