CRAN Package Check Results for Package snowFT

Last updated on 2019-09-18 05:47:11 CEST.

Flavor Version Tinstall Tcheck Ttotal Status Flags
r-devel-linux-x86_64-debian-clang 1.6-0 2.19 15.78 17.97 OK
r-devel-linux-x86_64-debian-gcc 1.6-0 1.95 14.27 16.22 OK
r-devel-linux-x86_64-fedora-clang 1.6-0 37.14 OK
r-devel-linux-x86_64-fedora-gcc 1.6-0 37.04 OK
r-devel-windows-ix86+x86_64 1.6-0 16.00 48.00 64.00 OK
r-patched-linux-x86_64 1.6-0 2.10 16.17 18.27 OK
r-patched-solaris-x86 1.6-0 79.90 OK
r-release-linux-x86_64 1.6-0 2.07 16.05 18.12 OK
r-release-windows-ix86+x86_64 1.6-0 6.00 68.00 74.00 OK
r-release-osx-x86_64 1.6-0 NOTE
r-oldrel-windows-ix86+x86_64 1.6-0 3.00 64.00 67.00 OK
r-oldrel-osx-x86_64 1.6-0 NOTE

Check Details

Version: 1.6-0
Check: package dependencies
Result: NOTE
    Package suggested but not available for checking: ‘Rmpi’
Flavors: r-release-osx-x86_64, r-oldrel-osx-x86_64