CRAN Package Check Results for Package snowboot

Last updated on 2021-09-21 05:51:36 CEST.

Flavor Version Tinstall Tcheck Ttotal Status Flags
r-devel-linux-x86_64-debian-clang 1.0.2 23.15 45.63 68.78 OK
r-devel-linux-x86_64-debian-gcc 1.0.2 13.94 34.52 48.46 OK
r-devel-linux-x86_64-fedora-clang 1.0.2 94.25 OK
r-devel-linux-x86_64-fedora-gcc 1.0.2 80.49 OK
r-devel-windows-x86_64 1.0.2 19.00 61.00 80.00 OK
r-devel-windows-x86_64-gcc10-UCRT 1.0.2 ERROR
r-patched-linux-x86_64 1.0.2 16.96 43.79 60.75 OK
r-patched-solaris-x86 1.0.2 106.10 OK
r-release-linux-x86_64 1.0.2 19.34 43.11 62.45 OK
r-release-macos-arm64 1.0.2 OK
r-release-macos-x86_64 1.0.2 OK
r-release-windows-ix86+x86_64 1.0.2 46.00 72.00 118.00 OK
r-oldrel-macos-x86_64 1.0.2 OK
r-oldrel-windows-ix86+x86_64 1.0.2 46.00 77.00 123.00 OK

Check Details

Version: 1.0.2
Check: whether package can be installed
Result: ERROR
    Installation failed.
Flavor: r-devel-windows-x86_64-gcc10-UCRT