CRAN Package Check Results for Package soc.ca

Last updated on 2021-12-07 05:55:19 CET.

Flavor Version Tinstall Tcheck Ttotal Status Flags
r-devel-linux-x86_64-debian-clang 0.8.0 10.54 114.91 125.45 OK
r-devel-linux-x86_64-debian-gcc 0.8.0 8.02 84.55 92.57 OK
r-devel-linux-x86_64-fedora-clang 0.8.0 148.83 NOTE
r-devel-linux-x86_64-fedora-gcc 0.8.0 133.48 NOTE
r-devel-windows-x86_64-new-UL 0.8.0 23.00 156.00 179.00 OK
r-devel-windows-x86_64-new-TK 0.8.0 NOTE
r-devel-windows-x86_64-old 0.8.0 18.00 111.00 129.00 OK
r-patched-linux-x86_64 0.8.0 15.25 106.23 121.48 OK
r-release-linux-x86_64 0.8.0 8.57 106.23 114.80 OK
r-release-macos-arm64 0.8.0 NOTE
r-release-macos-x86_64 0.8.0 NOTE
r-release-windows-ix86+x86_64 0.8.0 16.00 135.00 151.00 OK
r-oldrel-macos-x86_64 0.8.0 NOTE
r-oldrel-windows-ix86+x86_64 0.8.0 24.00 144.00 168.00 OK

Check Details

Version: 0.8.0
Check: dependencies in R code
Result: NOTE
    Namespaces in Imports field not imported from:
     ‘FactoMineR’ ‘flextable’ ‘htmlTable’ ‘stringr’
     All declared Imports should be used.
Flavors: r-devel-linux-x86_64-fedora-clang, r-devel-linux-x86_64-fedora-gcc, r-devel-windows-x86_64-new-TK, r-release-macos-arm64, r-release-macos-x86_64, r-oldrel-macos-x86_64

Version: 0.8.0
Check: data for non-ASCII characters
Result: NOTE
     Note: found 938 marked UTF-8 strings
Flavors: r-devel-linux-x86_64-fedora-clang, r-devel-linux-x86_64-fedora-gcc, r-devel-windows-x86_64-new-TK, r-release-macos-arm64, r-release-macos-x86_64, r-oldrel-macos-x86_64