CRAN Package Check Results for Package sodium

Last updated on 2020-09-22 05:51:08 CEST.

Flavor Version Tinstall Tcheck Ttotal Status Flags
r-devel-linux-x86_64-debian-clang 1.1 4.79 23.80 28.59 OK
r-devel-linux-x86_64-debian-gcc 1.1 0.40 2.22 2.62 ERROR
r-devel-linux-x86_64-fedora-clang 1.1 48.20 NOTE
r-devel-linux-x86_64-fedora-gcc 1.1 36.43 NOTE
r-devel-windows-ix86+x86_64 1.1 21.00 44.00 65.00 OK
r-patched-linux-x86_64 1.1 3.68 24.16 27.84 OK
r-patched-solaris-x86 1.1 52.20 OK
r-release-linux-x86_64 1.1 3.64 24.37 28.01 OK
r-release-macos-x86_64 1.1 OK
r-release-windows-ix86+x86_64 1.1 30.00 59.00 89.00 OK
r-oldrel-macos-x86_64 1.1 OK
r-oldrel-windows-ix86+x86_64 1.1 15.00 49.00 64.00 OK

Check Details

Version: 1.1
Check: whether package can be installed
Result: ERROR
    Installation failed.
Flavor: r-devel-linux-x86_64-debian-gcc

Version: 1.1
Check: top-level files
Result: NOTE
    ‘configure’: /bin/bash is not portable
Flavors: r-devel-linux-x86_64-fedora-clang, r-devel-linux-x86_64-fedora-gcc